74.7.243.201 - - [14/Jun/2026:03:58:34 +0700] "GET /?p=8166 HTTP/2" 200 19536 "https://www.dienmaychuyennghiep.com/san-pham/may-nen-khi-pegasus-model-tm-of7503-180l/?path=/var/www/vhosts/dienmaychuyennghiep.com/httpdocs/wp-includes" "Mozilla/5.0 AppleWebKit/537.36 (KHTML, like Gecko; compatible; GPTBot/1.4; +https://openai.com/gptbot)"
74.7.243.201 - - [14/Jun/2026:03:58:36 +0700] "GET /?p=1979 HTTP/2" 200 19536 "https://www.dienmaychuyennghiep.com/san-pham/may-mai-goc-100mm-dewalt-dw802-b1/?path=/var/www/vhosts/dienmaychuyennghiep.com/httpdocs/wp-includes" "Mozilla/5.0 AppleWebKit/537.36 (KHTML, like Gecko; compatible; GPTBot/1.4; +https://openai.com/gptbot)"
216.73.216.61 - - [14/Jun/2026:03:58:35 +0700] "GET /wp-sitemap.xml?filesrc=%2Fvar%2Fwww%2Fvhosts%2Fdienmaychuyennghiep.com%2Fhttpdocs%2Fwp-content%2Fuploads%2F2025%2F07%2FHKSUB500-2.webp&path=%2Fvar%2Fwww%2Fvhosts%2Fdienmaychuyennghiep.com%2Fhttpdocs%2Fwp-content%2Fuploads%2F2025%2F07 HTTP/2" 200 44519 "-" "Mozilla/5.0 AppleWebKit/537.36 (KHTML, like Gecko; compatible; ClaudeBot/1.0; +claudebot@anthropic.com)"
114.119.154.113 - - [14/Jun/2026:03:58:35 +0700] "GET /san-pham/motor-vsm-vo-nhom-pla-vsm4-012/?path=/var/www/vhosts/dienmaychuyennghiep.com/.ssh HTTP/1.1" 200 62565 "https://www.pemco.vn/san-pham/motor-vsm-vo-nhom-pla-vsm4-012/?path=/var/www/vhosts/dienmaychuyennghiep.com" "Mozilla/5.0 (Linux; Android 7.0;) AppleWebKit/537.36 (HTML, like Gecko) Mobile Safari/537.36 (compatible; PetalBot;+https://webmaster.petalsearch.com/site/petalbot)"
216.73.216.61 - - [14/Jun/2026:03:58:37 +0700] "GET /wp-sitemap.xml?filesrc=%2Fvar%2Fwww%2Fvhosts%2Fdienmaychuyennghiep.com%2Fhttpdocs%2Fwp-content%2Fuploads%2F2025%2F08%2FOIP-1-100x100.webp&path=%2Fvar%2Fwww%2Fvhosts%2Fdienmaychuyennghiep.com%2Fhttpdocs%2Fwp-content%2Fuploads%2F2025%2F08 HTTP/2" 200 20424 "-" "Mozilla/5.0 AppleWebKit/537.36 (KHTML, like Gecko; compatible; ClaudeBot/1.0; +claudebot@anthropic.com)"
148.113.128.29 - - [14/Jun/2026:03:58:38 +0700] "GET /products/79033173827 HTTP/2" 200 19760 "-" "Mozilla/5.0 (compatible; AhrefsBot/7.0; +http://ahrefs.com/robot/)"
31.76.158.191 - - [14/Jun/2026:03:58:40 +0700] "GET /wp-content/uploads/2024/06/7082-1-247x296.png HTTP/1.1" 200 53814 "-" "Mozilla/5.0 (compatible; crawler)"
85.208.96.211 - - [14/Jun/2026:03:58:38 +0700] "GET /tu-khoa-san-pham/7080/ HTTP/1.1" 200 63389 "-" "Mozilla/5.0 (compatible; SemrushBot/7~bl; +http://www.semrush.com/bot.html)"
74.7.243.201 - - [14/Jun/2026:03:58:38 +0700] "GET /san-pham/may-khoan-dung-pin-12v-dewalt-dcd703d2-b1/?path=/var/www/vhosts/dienmaychuyennghiep.com/httpdocs/wp-includes/html-api HTTP/2" 200 62561 "https://www.dienmaychuyennghiep.com/san-pham/may-khoan-dung-pin-12v-dewalt-dcd703d2-b1/?path=/var/www/vhosts/dienmaychuyennghiep.com/httpdocs/wp-includes" "Mozilla/5.0 AppleWebKit/537.36 (KHTML, like Gecko; compatible; GPTBot/1.4; +https://openai.com/gptbot)"
40.77.167.46 - - [14/Jun/2026:03:58:41 +0700] "GET /wp-content/uploads/2025/08/may-hut-bui-80l-dca-avc80-2025-03-23-1742721353.webp HTTP/2" 200 23140 "-" "Mozilla/5.0 AppleWebKit/537.36 (KHTML, like Gecko; compatible; bingbot/2.0; +http://www.bing.com/bingbot.htm) Chrome/116.0.1938.76 Safari/537.36"
216.73.216.61 - - [14/Jun/2026:03:58:40 +0700] "GET /wp-sitemap.xml?filesrc=%2Fvar%2Fwww%2Fvhosts%2Fdienmaychuyennghiep.com%2Fhttpdocs%2Fwp-content%2Fuploads%2F2025%2F07%2FHKTIG200E-2.webp&path=%2Fvar%2Fwww%2Fvhosts%2Fdienmaychuyennghiep.com%2Fhttpdocs%2Fwp-content%2Fuploads%2F2025%2F07 HTTP/2" 200 36511 "-" "Mozilla/5.0 AppleWebKit/537.36 (KHTML, like Gecko; compatible; ClaudeBot/1.0; +claudebot@anthropic.com)"
103.138.88.26 - - [14/Jun/2026:03:58:44 +0700] "POST /wp-cron.php?doing_wp_cron=1781384323.2377409934997558593750 HTTP/1.1" 200 474 "-" "WordPress/7.0; https://www.dienmaychuyennghiep.com"
54.39.89.253 - - [14/Jun/2026:03:58:42 +0700] "GET /products/79033173430 HTTP/2" 200 19536 "-" "Mozilla/5.0 (compatible; AhrefsBot/7.0; +http://ahrefs.com/robot/)"
216.73.216.61 - - [14/Jun/2026:03:58:42 +0700] "GET /wp-sitemap.xml?filesrc=%2Fvar%2Fwww%2Fvhosts%2Fdienmaychuyennghiep.com%2Fhttpdocs%2Fwp-content%2Fuploads%2F2025%2F07%2FHKMIG350.webp&path=%2Fvar%2Fwww%2Fvhosts%2Fdienmaychuyennghiep.com%2Fhttpdocs%2Fwp-content%2Fuploads%2F2025%2F07 HTTP/2" 200 74646 "-" "Mozilla/5.0 AppleWebKit/537.36 (KHTML, like Gecko; compatible; ClaudeBot/1.0; +claudebot@anthropic.com)"
74.7.243.201 - - [14/Jun/2026:03:58:41 +0700] "GET /?p=8455 HTTP/2" 200 19536 "https://www.dienmaychuyennghiep.com/san-pham/may-khoan-dung-pin-12v-dewalt-dcd703d2-b1/?path=/var/www/vhosts/dienmaychuyennghiep.com/httpdocs/wp-includes" "Mozilla/5.0 AppleWebKit/537.36 (KHTML, like Gecko; compatible; GPTBot/1.4; +https://openai.com/gptbot)"
15.235.98.70 - - [14/Jun/2026:03:58:46 +0700] "GET /products/790331732 HTTP/2" 200 19536 "-" "Mozilla/5.0 (compatible; AhrefsBot/7.0; +http://ahrefs.com/robot/)"
74.7.243.201 - - [14/Jun/2026:03:58:44 +0700] "GET /san-pham/may-nen-khi-pegasus-model-tm-of7503-180l/?filesrc=/var/www/vhosts/dienmaychuyennghiep.com/httpdocs/wp-includes/embed.php&path=/var/www/vhosts/dienmaychuyennghiep.com/httpdocs/wp-includes HTTP/2" 200 72186 "https://www.dienmaychuyennghiep.com/san-pham/may-nen-khi-pegasus-model-tm-of7503-180l/?path=/var/www/vhosts/dienmaychuyennghiep.com/httpdocs/wp-includes" "Mozilla/5.0 AppleWebKit/537.36 (KHTML, like Gecko; compatible; GPTBot/1.4; +https://openai.com/gptbot)"
216.73.216.61 - - [14/Jun/2026:03:58:46 +0700] "GET /wp-sitemap.xml?filesrc=%2Fvar%2Fwww%2Fvhosts%2Fdienmaychuyennghiep.com%2Fhttpdocs%2Fwp-content%2Fuploads%2F2025%2F07%2FHKF1200S-4.webp&path=%2Fvar%2Fwww%2Fvhosts%2Fdienmaychuyennghiep.com%2Fhttpdocs%2Fwp-content%2Fuploads%2F2025%2F07 HTTP/2" 200 40685 "-" "Mozilla/5.0 AppleWebKit/537.36 (KHTML, like Gecko; compatible; ClaudeBot/1.0; +claudebot@anthropic.com)"
74.7.243.201 - - [14/Jun/2026:03:58:48 +0700] "GET /san-pham/may-hut-bui-avc30/feed/?filesrc=/var/www/vhosts/dienmaychuyennghiep.com/httpdocs/wp-includes/class-wp-scripts.php&path=/var/www/vhosts/dienmaychuyennghiep.com/httpdocs/wp-includes HTTP/2" 200 28048 "https://www.dienmaychuyennghiep.com/san-pham/may-hut-bui-avc30/feed/?path=/var/www/vhosts/dienmaychuyennghiep.com/httpdocs/wp-includes" "Mozilla/5.0 AppleWebKit/537.36 (KHTML, like Gecko; compatible; GPTBot/1.4; +https://openai.com/gptbot)"
216.73.216.144 - - [14/Jun/2026:03:58:48 +0700] "GET /san-pham/quat-cong-nghiep-stanley-slf307627d/feed/?filesrc=%2Fvar%2Fwww%2Fvhosts%2Fdienmaychuyennghiep.com%2Fhttpdocs%2Fwp-includes%2FText%2FDiff%2FEngine%2Fstring.php&path=%2Fvar%2Fwww%2Fvhosts%2Fdienmaychuyennghiep.com%2Fhttpdocs%2Fwp-includes%2FText%2FDiff%2FEngine HTTP/2" 200 21320 "-" "Mozilla/5.0 AppleWebKit/537.36 (KHTML, like Gecko; compatible; ClaudeBot/1.0; +claudebot@anthropic.com)"
216.73.216.144 - - [14/Jun/2026:03:58:48 +0700] "GET /san-pham/quat-cong-nghiep-stanley-slf307627d/feed/?filesrc=%2Fvar%2Fwww%2Fvhosts%2Fdienmaychuyennghiep.com%2Fhttpdocs%2Fwp-includes%2FText%2FDiff%2FEngine%2Fshell.php&path=%2Fvar%2Fwww%2Fvhosts%2Fdienmaychuyennghiep.com%2Fhttpdocs%2Fwp-includes%2FText%2FDiff%2FEngine HTTP/2" 200 20771 "-" "Mozilla/5.0 AppleWebKit/537.36 (KHTML, like Gecko; compatible; ClaudeBot/1.0; +claudebot@anthropic.com)"
216.73.216.61 - - [14/Jun/2026:03:58:49 +0700] "GET /wp-sitemap.xml?filesrc=%2Fvar%2Fwww%2Fvhosts%2Fdienmaychuyennghiep.com%2Fhttpdocs%2Fwp-content%2Fuploads%2F2025%2F07%2FHK200K-3.webp&path=%2Fvar%2Fwww%2Fvhosts%2Fdienmaychuyennghiep.com%2Fhttpdocs%2Fwp-content%2Fuploads%2F2025%2F07 HTTP/2" 200 53874 "-" "Mozilla/5.0 AppleWebKit/537.36 (KHTML, like Gecko; compatible; ClaudeBot/1.0; +claudebot@anthropic.com)"
83.99.206.246 - - [14/Jun/2026:03:58:48 +0700] "GET /danh-muc-san-pham/dung-cu-cam-tay/cua/?filesrc=/var/www/vhosts/dienmaychuyennghiep.com/httpdocs/wp-admin/edit-link-form.php&path=/var/www/vhosts/dienmaychuyennghiep.com/httpdocs/wp-admin HTTP/1.1" 200 57484 "-" "Mozilla/5.0 (X11; Linux x86_64) AppleWebKit/537.36 (KHTML, like Gecko; GeedoShopProductFinder) Chrome/142.0.0.0 Safari/537.36"
74.7.243.201 - - [14/Jun/2026:03:58:50 +0700] "GET /san-pham/may-hut-bui-dvc15/feed/?filesrc=/var/www/vhosts/dienmaychuyennghiep.com/httpdocs/wp-includes/nav-menu.php&path=/var/www/vhosts/dienmaychuyennghiep.com/httpdocs/wp-includes HTTP/2" 200 29599 "https://www.dienmaychuyennghiep.com/san-pham/may-hut-bui-dvc15/feed/?path=/var/www/vhosts/dienmaychuyennghiep.com/httpdocs/wp-includes" "Mozilla/5.0 AppleWebKit/537.36 (KHTML, like Gecko; compatible; GPTBot/1.4; +https://openai.com/gptbot)"
54.39.203.83 - - [14/Jun/2026:03:58:49 +0700] "GET /products/79033171536 HTTP/2" 200 19772 "-" "Mozilla/5.0 (compatible; AhrefsBot/7.0; +http://ahrefs.com/robot/)"
191.93.234.15 - - [14/Jun/2026:03:58:47 +0700] "GET /danh-muc-san-pham/may-cam-tay/?filesrc=%2Fvar%2Fwww%2Fvhosts%2Fdienmaychuyennghiep.com%2Fhttpdocs%2Fwp-signup.php&path=%2Fvar%2Fwww%2Fvhosts%2Fdienmaychuyennghiep.com%2Fhttpdocs HTTP/2" 200 68009 "-" "Mozilla/5.0 (Linux; Android 5.0; SM-G900P Build/LRX21T) AppleWebKit/537.36 (KHTML, like Gecko) Chrome/42.0.9509.1429 Mobile Safari/537.36"
216.73.216.61 - - [14/Jun/2026:03:58:52 +0700] "GET /wp-sitemap.xml?filesrc=%2Fvar%2Fwww%2Fvhosts%2Fdienmaychuyennghiep.com%2Fhttpdocs%2Fwp-content%2Fuploads%2F2025%2F07%2FHK200Z-3.webp&path=%2Fvar%2Fwww%2Fvhosts%2Fdienmaychuyennghiep.com%2Fhttpdocs%2Fwp-content%2Fuploads%2F2025%2F07 HTTP/2" 200 52877 "-" "Mozilla/5.0 AppleWebKit/537.36 (KHTML, like Gecko; compatible; ClaudeBot/1.0; +claudebot@anthropic.com)"
74.7.243.201 - - [14/Jun/2026:03:58:52 +0700] "GET /san-pham/may-bat-oc-dpb30/feed/?filesrc=/var/www/vhosts/dienmaychuyennghiep.com/httpdocs/wp-includes/ms-site.php&path=/var/www/vhosts/dienmaychuyennghiep.com/httpdocs/wp-includes HTTP/2" 200 29668 "https://www.dienmaychuyennghiep.com/san-pham/may-bat-oc-dpb30/feed/?path=/var/www/vhosts/dienmaychuyennghiep.com/httpdocs/wp-includes" "Mozilla/5.0 AppleWebKit/537.36 (KHTML, like Gecko; compatible; GPTBot/1.4; +https://openai.com/gptbot)"
216.73.216.61 - - [14/Jun/2026:03:58:54 +0700] "GET /wp-sitemap.xml?filesrc=%2Fvar%2Fwww%2Fvhosts%2Fdienmaychuyennghiep.com%2Fhttpdocs%2Fwp-content%2Fuploads%2F2025%2F07%2FHKTIG200A-2.webp&path=%2Fvar%2Fwww%2Fvhosts%2Fdienmaychuyennghiep.com%2Fhttpdocs%2Fwp-content%2Fuploads%2F2025%2F07 HTTP/2" 200 66822 "-" "Mozilla/5.0 AppleWebKit/537.36 (KHTML, like Gecko; compatible; ClaudeBot/1.0; +claudebot@anthropic.com)"
142.44.220.104 - - [14/Jun/2026:03:58:54 +0700] "GET /products/79033167525 HTTP/2" 200 19536 "-" "Mozilla/5.0 (compatible; AhrefsBot/7.0; +http://ahrefs.com/robot/)"
74.7.243.201 - - [14/Jun/2026:03:58:54 +0700] "GET /san-pham/may-hut-bui-avc80/feed/?filesrc=/var/www/vhosts/dienmaychuyennghiep.com/httpdocs/wp-includes/class-wp-block-parser.php&path=/var/www/vhosts/dienmaychuyennghiep.com/httpdocs/wp-includes HTTP/2" 200 22457 "https://www.dienmaychuyennghiep.com/san-pham/may-hut-bui-avc80/feed/?path=/var/www/vhosts/dienmaychuyennghiep.com/httpdocs/wp-includes" "Mozilla/5.0 AppleWebKit/537.36 (KHTML, like Gecko; compatible; GPTBot/1.4; +https://openai.com/gptbot)"
74.7.243.201 - - [14/Jun/2026:03:58:56 +0700] "GET /san-pham/may-khoan-tu-ajc30/feed/?filesrc=/var/www/vhosts/dienmaychuyennghiep.com/httpdocs/wp-includes/class-wp-block-parser.php&path=/var/www/vhosts/dienmaychuyennghiep.com/httpdocs/wp-includes HTTP/2" 200 22180 "https://www.dienmaychuyennghiep.com/san-pham/may-khoan-tu-ajc30/feed/?path=/var/www/vhosts/dienmaychuyennghiep.com/httpdocs/wp-includes" "Mozilla/5.0 AppleWebKit/537.36 (KHTML, like Gecko; compatible; GPTBot/1.4; +https://openai.com/gptbot)"
216.73.216.61 - - [14/Jun/2026:03:58:56 +0700] "GET /wp-sitemap.xml?filesrc=%2Fvar%2Fwww%2Fvhosts%2Fdienmaychuyennghiep.com%2Fhttpdocs%2Fwp-includes%2Fimages%2Fspinner.gif&path=%2Fvar%2Fwww%2Fvhosts%2Fdienmaychuyennghiep.com%2Fhttpdocs%2Fwp-includes%2Fimages HTTP/2" 200 20835 "-" "Mozilla/5.0 AppleWebKit/537.36 (KHTML, like Gecko; compatible; ClaudeBot/1.0; +claudebot@anthropic.com)"
54.39.210.89 - - [14/Jun/2026:03:58:58 +0700] "GET /products/79033166314 HTTP/2" 200 19772 "-" "Mozilla/5.0 (compatible; AhrefsBot/7.0; +http://ahrefs.com/robot/)"
74.7.243.201 - - [14/Jun/2026:03:58:58 +0700] "GET /san-pham/may-hut-bui-avc80/feed/?path=/var/www/vhosts/dienmaychuyennghiep.com/httpdocs/wp-includes/build HTTP/2" 200 18955 "https://www.dienmaychuyennghiep.com/san-pham/may-hut-bui-avc80/feed/?path=/var/www/vhosts/dienmaychuyennghiep.com/httpdocs/wp-includes" "Mozilla/5.0 AppleWebKit/537.36 (KHTML, like Gecko; compatible; GPTBot/1.4; +https://openai.com/gptbot)"
216.73.216.61 - - [14/Jun/2026:03:58:58 +0700] "GET /wp-sitemap.xml?filesrc=%2Fvar%2Fwww%2Fvhosts%2Fdienmaychuyennghiep.com%2Fhttpdocs%2Fwp-content%2Fuploads%2F2025%2F07%2FHK-CP-3HP-3.webp&path=%2Fvar%2Fwww%2Fvhosts%2Fdienmaychuyennghiep.com%2Fhttpdocs%2Fwp-content%2Fuploads%2F2025%2F07 HTTP/2" 200 62578 "-" "Mozilla/5.0 AppleWebKit/537.36 (KHTML, like Gecko; compatible; ClaudeBot/1.0; +claudebot@anthropic.com)"
114.119.144.85 - - [14/Jun/2026:03:58:57 +0700] "GET /san-pham/than-may-cua-kiem-dung-pin-kdjf15-type-z/?path=/var/www/vhosts/dienmaychuyennghiep.com/var HTTP/1.1" 200 61640 "https://www.pemco.com.vn/san-pham/than-may-cua-kiem-dung-pin-kdjf15-type-z/?path=/var/www/vhosts/dienmaychuyennghiep.com" "Mozilla/5.0 (Linux; Android 8.0.0; SM-G955U Build/R16NW) AppleWebKit/537.36 (KHTML, like Gecko) Chrome/148.0.0.0 Mobile Safari/537.36"
181.124.172.66 - - [14/Jun/2026:03:59:02 +0700] "GET /tu-khoa-san-pham/dartek/page/1/?path=/var/www/vhosts/dienmaychuyennghiep.com HTTP/1.1" 200 19819 "https://dienmaychuyennghiep.com/tu-khoa-san-pham/dartek/page/1/" "Mozilla/5.0 (Linux; Android 14; M2102J21) AppleWebKit/537.36 (KHTML, like Gecko) Chrome/141.0.5644.149 Mobile Safari/537.36"
74.7.243.201 - - [14/Jun/2026:03:59:00 +0700] "GET /san-pham/may-khoan-bua-makita-m8100kx2b-bo-26-phu-kien/?filesrc=/var/www/vhosts/dienmaychuyennghiep.com/httpdocs/wp-includes/view-transitions.php&path=/var/www/vhosts/dienmaychuyennghiep.com/httpdocs/wp-includes HTTP/2" 200 62527 "https://www.dienmaychuyennghiep.com/san-pham/may-khoan-bua-makita-m8100kx2b-bo-26-phu-kien/?path=/var/www/vhosts/dienmaychuyennghiep.com/httpdocs/wp-includes" "Mozilla/5.0 AppleWebKit/537.36 (KHTML, like Gecko; compatible; GPTBot/1.4; +https://openai.com/gptbot)"
216.73.216.61 - - [14/Jun/2026:03:59:01 +0700] "GET /wp-sitemap.xml?filesrc=%2Fvar%2Fwww%2Fvhosts%2Fdienmaychuyennghiep.com%2Fhttpdocs%2Fwp-content%2Fplugins%2Fmnoxf%2FLICENSE.txt&path=%2Fvar%2Fwww%2Fvhosts%2Fdienmaychuyennghiep.com%2Fhttpdocs%2Fwp-content%2Fplugins%2Fmnoxf HTTP/2" 200 25963 "-" "Mozilla/5.0 AppleWebKit/537.36 (KHTML, like Gecko; compatible; ClaudeBot/1.0; +claudebot@anthropic.com)"
54.39.0.209 - - [14/Jun/2026:03:59:02 +0700] "GET /products/79033163264 HTTP/2" 200 19760 "-" "Mozilla/5.0 (compatible; AhrefsBot/7.0; +http://ahrefs.com/robot/)"
216.73.216.61 - - [14/Jun/2026:03:59:04 +0700] "GET /wp-sitemap.xml?filesrc=%2Fvar%2Fwww%2Fvhosts%2Fdienmaychuyennghiep.com%2Fhttpdocs%2Fwp-content%2Fuploads%2F2025%2F07%2FHKTIG250A.webp&path=%2Fvar%2Fwww%2Fvhosts%2Fdienmaychuyennghiep.com%2Fhttpdocs%2Fwp-content%2Fuploads%2F2025%2F07 HTTP/2" 200 105840 "-" "Mozilla/5.0 AppleWebKit/537.36 (KHTML, like Gecko; compatible; ClaudeBot/1.0; +claudebot@anthropic.com)"
74.7.243.201 - - [14/Jun/2026:03:59:04 +0700] "GET /san-pham/may-phay-kmp04-6/feed/?filesrc=/var/www/vhosts/dienmaychuyennghiep.com/httpdocs/wp-includes/feed.php&path=/var/www/vhosts/dienmaychuyennghiep.com/httpdocs/wp-includes HTTP/2" 200 25665 "https://www.dienmaychuyennghiep.com/san-pham/may-phay-kmp04-6/feed/?path=/var/www/vhosts/dienmaychuyennghiep.com/httpdocs/wp-includes" "Mozilla/5.0 AppleWebKit/537.36 (KHTML, like Gecko; compatible; GPTBot/1.4; +https://openai.com/gptbot)"
216.73.216.61 - - [14/Jun/2026:03:59:05 +0700] "GET /wp-sitemap.xml?filesrc=%2Fvar%2Fwww%2Fvhosts%2Fdienmaychuyennghiep.com%2Fhttpdocs%2Fwp-content%2Fuploads%2F2025%2F07%2FHKTIG400X-2.webp&path=%2Fvar%2Fwww%2Fvhosts%2Fdienmaychuyennghiep.com%2Fhttpdocs%2Fwp-content%2Fuploads%2F2025%2F07 HTTP/2" 200 86155 "-" "Mozilla/5.0 AppleWebKit/537.36 (KHTML, like Gecko; compatible; ClaudeBot/1.0; +claudebot@anthropic.com)"
216.73.216.61 - - [14/Jun/2026:03:59:06 +0700] "GET /wp-sitemap.xml?filesrc=%2Fvar%2Fwww%2Fvhosts%2Fdienmaychuyennghiep.com%2Fhttpdocs%2Fwp-content%2Fuploads%2F2025%2F07%2FHK-KT12.webp&path=%2Fvar%2Fwww%2Fvhosts%2Fdienmaychuyennghiep.com%2Fhttpdocs%2Fwp-content%2Fuploads%2F2025%2F07 HTTP/2" 200 43091 "-" "Mozilla/5.0 AppleWebKit/537.36 (KHTML, like Gecko; compatible; ClaudeBot/1.0; +claudebot@anthropic.com)"
54.39.0.104 - - [14/Jun/2026:03:59:06 +0700] "GET /products/79033163193 HTTP/2" 200 19536 "-" "Mozilla/5.0 (compatible; AhrefsBot/7.0; +http://ahrefs.com/robot/)"
74.7.243.201 - - [14/Jun/2026:03:59:06 +0700] "GET /san-pham/may-khoan-bua-makita-m8100kx2b-bo-26-phu-kien/?filesrc=/var/www/vhosts/dienmaychuyennghiep.com/httpdocs/wp-includes/class-wp-role.php&path=/var/www/vhosts/dienmaychuyennghiep.com/httpdocs/wp-includes HTTP/2" 200 63227 "https://www.dienmaychuyennghiep.com/san-pham/may-khoan-bua-makita-m8100kx2b-bo-26-phu-kien/?path=/var/www/vhosts/dienmaychuyennghiep.com/httpdocs/wp-includes" "Mozilla/5.0 AppleWebKit/537.36 (KHTML, like Gecko; compatible; GPTBot/1.4; +https://openai.com/gptbot)"
216.73.216.61 - - [14/Jun/2026:03:59:08 +0700] "GET /wp-sitemap.xml?filesrc=%2Fvar%2Fwww%2Fvhosts%2Fdienmaychuyennghiep.com%2Fhttpdocs%2Fwp-content%2Fuploads%2F2025%2F07%2FHK250Z-2.webp&path=%2Fvar%2Fwww%2Fvhosts%2Fdienmaychuyennghiep.com%2Fhttpdocs%2Fwp-content%2Fuploads%2F2025%2F07 HTTP/2" 200 74548 "-" "Mozilla/5.0 AppleWebKit/537.36 (KHTML, like Gecko; compatible; ClaudeBot/1.0; +claudebot@anthropic.com)"
216.73.216.61 - - [14/Jun/2026:03:59:08 +0700] "GET /wp-sitemap.xml?filesrc=%2Fvar%2Fwww%2Fvhosts%2Fdienmaychuyennghiep.com%2Fhttpdocs%2Fwp-content%2Fuploads%2F2025%2F07%2FHKMIG200I.webp&path=%2Fvar%2Fwww%2Fvhosts%2Fdienmaychuyennghiep.com%2Fhttpdocs%2Fwp-content%2Fuploads%2F2025%2F07 HTTP/2" 200 55166 "-" "Mozilla/5.0 AppleWebKit/537.36 (KHTML, like Gecko; compatible; ClaudeBot/1.0; +claudebot@anthropic.com)"
83.99.206.233 - - [14/Jun/2026:03:59:08 +0700] "GET /danh-muc-san-pham/dung-cu-cam-tay/bua/bua-co-khi/?filesrc=/var/www/vhosts/dienmaychuyennghiep.com/httpdocs/wp-includes/class-wp-image-editor-gd.php&path=/var/www/vhosts/dienmaychuyennghiep.com/httpdocs/wp-includes HTTP/1.1" 200 60616 "-" "Mozilla/5.0 (X11; Linux x86_64) AppleWebKit/537.36 (KHTML, like Gecko; GeedoShopProductFinder) Chrome/142.0.0.0 Safari/537.36"
74.7.243.201 - - [14/Jun/2026:03:59:09 +0700] "GET /san-pham/may-khoan-bua-makita-m8100kx2b-bo-26-phu-kien/?filesrc=/var/www/vhosts/dienmaychuyennghiep.com/httpdocs/wp-includes/class-wp-oembed-controller.php&path=/var/www/vhosts/dienmaychuyennghiep.com/httpdocs/wp-includes HTTP/2" 200 64941 "https://www.dienmaychuyennghiep.com/san-pham/may-khoan-bua-makita-m8100kx2b-bo-26-phu-kien/?path=/var/www/vhosts/dienmaychuyennghiep.com/httpdocs/wp-includes" "Mozilla/5.0 AppleWebKit/537.36 (KHTML, like Gecko; compatible; GPTBot/1.4; +https://openai.com/gptbot)"
15.235.98.10 - - [14/Jun/2026:03:59:10 +0700] "GET /products/79033162764 HTTP/2" 200 19760 "-" "Mozilla/5.0 (compatible; AhrefsBot/7.0; +http://ahrefs.com/robot/)"
216.73.216.61 - - [14/Jun/2026:03:59:09 +0700] "GET /wp-sitemap.xml?filesrc=%2Fvar%2Fwww%2Fvhosts%2Fdienmaychuyennghiep.com%2Fhttpdocs%2Fwp-content%2Flanguages%2Fthemes%2Ftwentytwenty-vi.mo&path=%2Fvar%2Fwww%2Fvhosts%2Fdienmaychuyennghiep.com%2Fhttpdocs%2Fwp-content%2Flanguages%2Fthemes HTTP/2" 200 24648 "-" "Mozilla/5.0 AppleWebKit/537.36 (KHTML, like Gecko; compatible; ClaudeBot/1.0; +claudebot@anthropic.com)"
216.73.216.61 - - [14/Jun/2026:03:59:10 +0700] "GET /wp-sitemap.xml?filesrc=%2Fvar%2Fwww%2Fvhosts%2Fdienmaychuyennghiep.com%2Fhttpdocs%2Fwp-content%2Fuploads%2F2025%2F07%2FHK160A.webp&path=%2Fvar%2Fwww%2Fvhosts%2Fdienmaychuyennghiep.com%2Fhttpdocs%2Fwp-content%2Fuploads%2F2025%2F07 HTTP/2" 200 32821 "-" "Mozilla/5.0 AppleWebKit/537.36 (KHTML, like Gecko; compatible; ClaudeBot/1.0; +claudebot@anthropic.com)"
216.73.216.144 - - [14/Jun/2026:03:59:10 +0700] "GET /san-pham/quat-cong-nghiep-stanley-slf307627d/feed/?filesrc=%2Fvar%2Fwww%2Fvhosts%2Fdienmaychuyennghiep.com%2Fhttpdocs%2Fwp-includes%2FText%2FDiff%2FEngine%2Fnative.php&path=%2Fvar%2Fwww%2Fvhosts%2Fdienmaychuyennghiep.com%2Fhttpdocs%2Fwp-includes%2FText%2FDiff%2FEngine HTTP/2" 200 24169 "-" "Mozilla/5.0 AppleWebKit/537.36 (KHTML, like Gecko; compatible; ClaudeBot/1.0; +claudebot@anthropic.com)"
216.73.216.144 - - [14/Jun/2026:03:59:10 +0700] "GET /san-pham/may-van-bu-long-dong-luc-dung-pin-dewalt-dcf911n-b1/feed/?path=%2Fvar%2Fwww%2Fvhosts%2Fdienmaychuyennghiep.com%2Fhttpdocs%2Fwp-includes%2Fjs%2Ftinymce%2Fplugins%2Fwptextpattern HTTP/2" 200 19410 "-" "Mozilla/5.0 AppleWebKit/537.36 (KHTML, like Gecko; compatible; ClaudeBot/1.0; +claudebot@anthropic.com)"
216.73.216.61 - - [14/Jun/2026:03:59:12 +0700] "GET /wp-sitemap.xml?filesrc=%2Fvar%2Fwww%2Fvhosts%2Fdienmaychuyennghiep.com%2Fhttpdocs%2Fwp-content%2Fuploads%2F2025%2F08%2Fthoi-nhiet.webp&path=%2Fvar%2Fwww%2Fvhosts%2Fdienmaychuyennghiep.com%2Fhttpdocs%2Fwp-content%2Fuploads%2F2025%2F08 HTTP/2" 200 100804 "-" "Mozilla/5.0 AppleWebKit/537.36 (KHTML, like Gecko; compatible; ClaudeBot/1.0; +claudebot@anthropic.com)"
167.114.139.164 - - [14/Jun/2026:03:59:13 +0700] "GET /products/79033160015 HTTP/2" 200 19536 "-" "Mozilla/5.0 (compatible; AhrefsBot/7.0; +http://ahrefs.com/robot/)"
216.73.216.61 - - [14/Jun/2026:03:59:13 +0700] "GET /wp-sitemap.xml?filesrc=%2Fvar%2Fwww%2Fvhosts%2Fdienmaychuyennghiep.com%2Fhttpdocs%2Fwp-content%2Fuploads%2F2024%2F05%2F106CG-Wrenches.jpeg&path=%2Fvar%2Fwww%2Fvhosts%2Fdienmaychuyennghiep.com%2Fhttpdocs%2Fwp-content%2Fuploads%2F2024%2F05 HTTP/2" 200 22327 "-" "Mozilla/5.0 AppleWebKit/537.36 (KHTML, like Gecko; compatible; ClaudeBot/1.0; +claudebot@anthropic.com)"
216.73.216.61 - - [14/Jun/2026:03:59:14 +0700] "GET /wp-sitemap.xml?filesrc=%2Fvar%2Fwww%2Fvhosts%2Fdienmaychuyennghiep.com%2Fhttpdocs%2Fwp-content%2Fuploads%2F2025%2F08%2FOIP-2-247x296.webp&path=%2Fvar%2Fwww%2Fvhosts%2Fdienmaychuyennghiep.com%2Fhttpdocs%2Fwp-content%2Fuploads%2F2025%2F08 HTTP/2" 200 21916 "-" "Mozilla/5.0 AppleWebKit/537.36 (KHTML, like Gecko; compatible; ClaudeBot/1.0; +claudebot@anthropic.com)"
74.7.243.201 - - [14/Jun/2026:03:59:13 +0700] "GET /san-pham/may-khoan-bua-makita-m8100kx2b-bo-26-phu-kien/?filesrc=/var/www/vhosts/dienmaychuyennghiep.com/httpdocs/wp-includes/class-snoopy.php&path=/var/www/vhosts/dienmaychuyennghiep.com/httpdocs/wp-includes HTTP/2" 200 71156 "https://www.dienmaychuyennghiep.com/san-pham/may-khoan-bua-makita-m8100kx2b-bo-26-phu-kien/?path=/var/www/vhosts/dienmaychuyennghiep.com/httpdocs/wp-includes" "Mozilla/5.0 AppleWebKit/537.36 (KHTML, like Gecko; compatible; GPTBot/1.4; +https://openai.com/gptbot)"
216.73.216.61 - - [14/Jun/2026:03:59:15 +0700] "GET /wp-sitemap.xml?filesrc=%2Fvar%2Fwww%2Fvhosts%2Fdienmaychuyennghiep.com%2Fhttpdocs%2Fwp-content%2Fuploads%2F2025%2F08%2FOIP-400x400.webp&path=%2Fvar%2Fwww%2Fvhosts%2Fdienmaychuyennghiep.com%2Fhttpdocs%2Fwp-content%2Fuploads%2F2025%2F08 HTTP/2" 200 26205 "-" "Mozilla/5.0 AppleWebKit/537.36 (KHTML, like Gecko; compatible; ClaudeBot/1.0; +claudebot@anthropic.com)"
216.73.216.61 - - [14/Jun/2026:03:59:16 +0700] "GET /wp-sitemap.xml?filesrc=%2Fvar%2Fwww%2Fvhosts%2Fdienmaychuyennghiep.com%2Fhttpdocs%2Fwp-content%2Fuploads%2F2025%2F08%2FOIP-1-280x280.webp&path=%2Fvar%2Fwww%2Fvhosts%2Fdienmaychuyennghiep.com%2Fhttpdocs%2Fwp-content%2Fuploads%2F2025%2F08 HTTP/2" 200 24084 "-" "Mozilla/5.0 AppleWebKit/537.36 (KHTML, like Gecko; compatible; ClaudeBot/1.0; +claudebot@anthropic.com)"
54.39.203.17 - - [14/Jun/2026:03:59:16 +0700] "GET /products/79033154398 HTTP/2" 200 19514 "-" "Mozilla/5.0 (compatible; AhrefsBot/7.0; +http://ahrefs.com/robot/)"
66.249.68.34 - - [14/Jun/2026:03:59:18 +0700] "GET /?filesrc=/var/www/vhosts/dienmaychuyennghiep.com/httpdocs/wordpress/wp-content/themes/twentytwentyfive/templates/home.html&path=/var/www/vhosts/dienmaychuyennghiep.com/httpdocs/wordpress/wp-content/themes/twentytwentyfive/templates HTTP/1.1" 200 19368 "-" "Mozilla/5.0 (Linux; Android 6.0.1; Nexus 5X Build/MMB29P) AppleWebKit/537.36 (KHTML, like Gecko) Chrome/148.0.7778.96 Mobile Safari/537.36 (compatible; Googlebot/2.1; +http://www.google.com/bot.html)"
216.73.216.61 - - [14/Jun/2026:03:59:17 +0700] "GET /wp-sitemap.xml?filesrc=%2Fvar%2Fwww%2Fvhosts%2Fdienmaychuyennghiep.com%2Fhttpdocs%2Fwp-includes%2Fbuild%2Froutes%2Ffont-list%2Fcontent.js&path=%2Fvar%2Fwww%2Fvhosts%2Fdienmaychuyennghiep.com%2Fhttpdocs%2Fwp-includes%2Fbuild%2Froutes%2Ffont-list HTTP/2" 200 165706 "-" "Mozilla/5.0 AppleWebKit/537.36 (KHTML, like Gecko; compatible; ClaudeBot/1.0; +claudebot@anthropic.com)"
216.73.216.61 - - [14/Jun/2026:03:59:18 +0700] "GET /wp-sitemap.xml?filesrc=%2Fvar%2Fwww%2Fvhosts%2Fdienmaychuyennghiep.com%2Fhttpdocs%2Fwp-content%2Fuploads%2F2025%2F10%2Fpicture22.webp&path=%2Fvar%2Fwww%2Fvhosts%2Fdienmaychuyennghiep.com%2Fhttpdocs%2Fwp-content%2Fuploads%2F2025%2F10 HTTP/2" 200 58481 "-" "Mozilla/5.0 AppleWebKit/537.36 (KHTML, like Gecko; compatible; ClaudeBot/1.0; +claudebot@anthropic.com)"
74.7.243.201 - - [14/Jun/2026:03:59:16 +0700] "GET /san-pham/may-mai-goc-100mm-dewalt-dw802-b1/?filesrc=/var/www/vhosts/dienmaychuyennghiep.com/httpdocs/wp-includes/class-simplepie.php&path=/var/www/vhosts/dienmaychuyennghiep.com/httpdocs/wp-includes HTTP/2" 200 61939 "https://www.dienmaychuyennghiep.com/san-pham/may-mai-goc-100mm-dewalt-dw802-b1/?path=/var/www/vhosts/dienmaychuyennghiep.com/httpdocs/wp-includes" "Mozilla/5.0 AppleWebKit/537.36 (KHTML, like Gecko; compatible; GPTBot/1.4; +https://openai.com/gptbot)"
190.108.78.118 - - [14/Jun/2026:03:59:16 +0700] "GET /danh-muc-san-pham/may-cam-tay/page/7/?path=%2Fvar%2Fwww%2Fvhosts%2Fdienmaychuyennghiep.com%2F.cl.selector HTTP/1.1" 200 58734 "https://www.dienmaychuyennghiep.com/danh-muc-san-pham/may-cam-tay/page/7/?path=%2Fvar%2Fwww%2Fvhosts%2Fdienmaychuyennghiep.com%2F.cl.selector" "Mozilla/5.0 (iPhone; CPU iPhone OS 11_0 like Mac OS X) AppleWebKit/537.36 (KHTML, like Gecko) Chrome/51.0.2506.1036 Mobile Safari/537.36"
216.73.216.61 - - [14/Jun/2026:03:59:19 +0700] "GET /wp-sitemap.xml?filesrc=%2Fvar%2Fwww%2Fvhosts%2Fdienmaychuyennghiep.com%2Fhttpdocs%2Fwp-content%2Fplugins%2Fmegamenu%2Freadme.txt&path=%2Fvar%2Fwww%2Fvhosts%2Fdienmaychuyennghiep.com%2Fhttpdocs%2Fwp-content%2Fplugins%2Fmegamenu HTTP/2" 200 35775 "-" "Mozilla/5.0 AppleWebKit/537.36 (KHTML, like Gecko; compatible; ClaudeBot/1.0; +claudebot@anthropic.com)"
216.73.216.61 - - [14/Jun/2026:03:59:19 +0700] "GET /wp-sitemap.xml?filesrc=%2Fvar%2Fwww%2Fvhosts%2Fdienmaychuyennghiep.com%2Fhttpdocs%2Fwp-content%2Fuploads%2F2025%2F08%2F24-100x100.webp&path=%2Fvar%2Fwww%2Fvhosts%2Fdienmaychuyennghiep.com%2Fhttpdocs%2Fwp-content%2Fuploads%2F2025%2F08 HTTP/2" 200 20316 "-" "Mozilla/5.0 AppleWebKit/537.36 (KHTML, like Gecko; compatible; ClaudeBot/1.0; +claudebot@anthropic.com)"
216.73.216.61 - - [14/Jun/2026:03:59:20 +0700] "GET /wp-sitemap.xml?filesrc=%2Fvar%2Fwww%2Fvhosts%2Fdienmaychuyennghiep.com%2Fhttpdocs%2Fwp-content%2Fuploads%2F2025%2F08%2F18-100x100.webp&path=%2Fvar%2Fwww%2Fvhosts%2Fdienmaychuyennghiep.com%2Fhttpdocs%2Fwp-content%2Fuploads%2F2025%2F08 HTTP/2" 200 20818 "-" "Mozilla/5.0 AppleWebKit/537.36 (KHTML, like Gecko; compatible; ClaudeBot/1.0; +claudebot@anthropic.com)"
216.73.216.61 - - [14/Jun/2026:03:59:21 +0700] "GET /wp-sitemap.xml?filesrc=%2Fvar%2Fwww%2Fvhosts%2Fdienmaychuyennghiep.com%2Fhttpdocs%2Fwp-content%2Fuploads%2F2025%2F10%2FST204D.png&path=%2Fvar%2Fwww%2Fvhosts%2Fdienmaychuyennghiep.com%2Fhttpdocs%2Fwp-content%2Fuploads%2F2025%2F10 HTTP/2" 200 84177 "-" "Mozilla/5.0 AppleWebKit/537.36 (KHTML, like Gecko; compatible; ClaudeBot/1.0; +claudebot@anthropic.com)"
142.44.228.8 - - [14/Jun/2026:03:59:20 +0700] "GET /products/79033153694 HTTP/2" 200 19536 "-" "Mozilla/5.0 (compatible; AhrefsBot/7.0; +http://ahrefs.com/robot/)"
74.7.243.201 - - [14/Jun/2026:03:59:19 +0700] "GET /san-pham/may-mai-goc-100mm-dewalt-dw802-b1/?filesrc=/var/www/vhosts/dienmaychuyennghiep.com/httpdocs/wp-includes/script-loader.php&path=/var/www/vhosts/dienmaychuyennghiep.com/httpdocs/wp-includes HTTP/2" 200 104768 "https://www.dienmaychuyennghiep.com/san-pham/may-mai-goc-100mm-dewalt-dw802-b1/?path=/var/www/vhosts/dienmaychuyennghiep.com/httpdocs/wp-includes" "Mozilla/5.0 AppleWebKit/537.36 (KHTML, like Gecko; compatible; GPTBot/1.4; +https://openai.com/gptbot)"
216.73.216.61 - - [14/Jun/2026:03:59:21 +0700] "GET /wp-sitemap.xml?filesrc=%2Fvar%2Fwww%2Fvhosts%2Fdienmaychuyennghiep.com%2Fhttpdocs%2Fwp-content%2Fuploads%2F2025%2F08%2F165-asb234.webp&path=%2Fvar%2Fwww%2Fvhosts%2Fdienmaychuyennghiep.com%2Fhttpdocs%2Fwp-content%2Fuploads%2F2025%2F08 HTTP/2" 200 124058 "-" "Mozilla/5.0 AppleWebKit/537.36 (KHTML, like Gecko; compatible; ClaudeBot/1.0; +claudebot@anthropic.com)"
216.73.216.61 - - [14/Jun/2026:03:59:22 +0700] "GET /wp-sitemap.xml?filesrc=%2Fvar%2Fwww%2Fvhosts%2Fdienmaychuyennghiep.com%2Fhttpdocs%2Fwp-content%2Fuploads%2F2025%2F08%2FOIP-247x296.webp&path=%2Fvar%2Fwww%2Fvhosts%2Fdienmaychuyennghiep.com%2Fhttpdocs%2Fwp-content%2Fuploads%2F2025%2F08 HTTP/2" 200 23695 "-" "Mozilla/5.0 AppleWebKit/537.36 (KHTML, like Gecko; compatible; ClaudeBot/1.0; +claudebot@anthropic.com)"
216.73.216.61 - - [14/Jun/2026:03:59:23 +0700] "GET /wp-sitemap.xml?filesrc=%2Fvar%2Fwww%2Fvhosts%2Fdienmaychuyennghiep.com%2Fhttpdocs%2Fwp-content%2Fuploads%2F2025%2F10%2FSXWTI-MT515.webp&path=%2Fvar%2Fwww%2Fvhosts%2Fdienmaychuyennghiep.com%2Fhttpdocs%2Fwp-content%2Fuploads%2F2025%2F10 HTTP/2" 200 33037 "-" "Mozilla/5.0 AppleWebKit/537.36 (KHTML, like Gecko; compatible; ClaudeBot/1.0; +claudebot@anthropic.com)"
216.73.216.61 - - [14/Jun/2026:03:59:23 +0700] "GET /wp-sitemap.xml?filesrc=%2Fvar%2Fwww%2Fvhosts%2Fdienmaychuyennghiep.com%2Fhttpdocs%2Fwp-content%2Fuploads%2F2025%2F08%2F24-280x280.webp&path=%2Fvar%2Fwww%2Fvhosts%2Fdienmaychuyennghiep.com%2Fhttpdocs%2Fwp-content%2Fuploads%2F2025%2F08 HTTP/2" 200 23767 "-" "Mozilla/5.0 AppleWebKit/537.36 (KHTML, like Gecko; compatible; ClaudeBot/1.0; +claudebot@anthropic.com)"
54.39.203.60 - - [14/Jun/2026:03:59:23 +0700] "GET /products/79033146632 HTTP/2" 200 19536 "-" "Mozilla/5.0 (compatible; AhrefsBot/7.0; +http://ahrefs.com/robot/)"
216.73.216.61 - - [14/Jun/2026:03:59:24 +0700] "GET /wp-sitemap.xml?filesrc=%2Fvar%2Fwww%2Fvhosts%2Fdienmaychuyennghiep.com%2Fhttpdocs%2Fwp-content%2Fuploads%2F2025%2F08%2F18-280x280.webp&path=%2Fvar%2Fwww%2Fvhosts%2Fdienmaychuyennghiep.com%2Fhttpdocs%2Fwp-content%2Fuploads%2F2025%2F08 HTTP/2" 200 26148 "-" "Mozilla/5.0 AppleWebKit/537.36 (KHTML, like Gecko; compatible; ClaudeBot/1.0; +claudebot@anthropic.com)"
74.7.243.201 - - [14/Jun/2026:03:59:23 +0700] "GET /san-pham/may-mai-goc-100mm-dewalt-dw802-b1/?filesrc=/var/www/vhosts/dienmaychuyennghiep.com/httpdocs/wp-includes/atomlib.php&path=/var/www/vhosts/dienmaychuyennghiep.com/httpdocs/wp-includes HTTP/2" 200 65384 "https://www.dienmaychuyennghiep.com/san-pham/may-mai-goc-100mm-dewalt-dw802-b1/?path=/var/www/vhosts/dienmaychuyennghiep.com/httpdocs/wp-includes" "Mozilla/5.0 AppleWebKit/537.36 (KHTML, like Gecko; compatible; GPTBot/1.4; +https://openai.com/gptbot)"
216.73.216.61 - - [14/Jun/2026:03:59:25 +0700] "GET /wp-sitemap.xml?filesrc=%2Fvar%2Fwww%2Fvhosts%2Fdienmaychuyennghiep.com%2Fhttpdocs%2Fwp-content%2Fuploads%2F2024%2F05%2F9553NB.zip&path=%2Fvar%2Fwww%2Fvhosts%2Fdienmaychuyennghiep.com%2Fhttpdocs%2Fwp-content%2Fuploads%2F2024%2F05 HTTP/2" 200 1396734 "-" "Mozilla/5.0 AppleWebKit/537.36 (KHTML, like Gecko; compatible; ClaudeBot/1.0; +claudebot@anthropic.com)"
216.73.216.61 - - [14/Jun/2026:03:59:26 +0700] "GET /wp-sitemap.xml?filesrc=%2Fvar%2Fwww%2Fvhosts%2Fdienmaychuyennghiep.com%2Fhttpdocs%2Fwp-content%2Fuploads%2F2024%2F05%2F106CG-ScrewDriver.jpeg&path=%2Fvar%2Fwww%2Fvhosts%2Fdienmaychuyennghiep.com%2Fhttpdocs%2Fwp-content%2Fuploads%2F2024%2F05 HTTP/2" 200 21783 "-" "Mozilla/5.0 AppleWebKit/537.36 (KHTML, like Gecko; compatible; ClaudeBot/1.0; +claudebot@anthropic.com)"
54.39.203.209 - - [14/Jun/2026:03:59:26 +0700] "GET /products/79033146219 HTTP/2" 200 19536 "-" "Mozilla/5.0 (compatible; AhrefsBot/7.0; +http://ahrefs.com/robot/)"
216.73.216.61 - - [14/Jun/2026:03:59:27 +0700] "GET /wp-sitemap.xml?filesrc=%2Fvar%2Fwww%2Fvhosts%2Fdienmaychuyennghiep.com%2Fhttpdocs%2Fwp-content%2Fuploads%2F2024%2F05%2F1CJE5_AS01.jpeg&path=%2Fvar%2Fwww%2Fvhosts%2Fdienmaychuyennghiep.com%2Fhttpdocs%2Fwp-content%2Fuploads%2F2024%2F05 HTTP/2" 200 24459 "-" "Mozilla/5.0 AppleWebKit/537.36 (KHTML, like Gecko; compatible; ClaudeBot/1.0; +claudebot@anthropic.com)"
74.7.243.201 - - [14/Jun/2026:03:59:26 +0700] "GET /san-pham/may-khoan-dung-pin-12v-dewalt-dcd703d2-b1/?filesrc=/var/www/vhosts/dienmaychuyennghiep.com/httpdocs/wp-includes/class-wp-exception.php&path=/var/www/vhosts/dienmaychuyennghiep.com/httpdocs/wp-includes HTTP/2" 200 61713 "https://www.dienmaychuyennghiep.com/san-pham/may-khoan-dung-pin-12v-dewalt-dcd703d2-b1/?path=/var/www/vhosts/dienmaychuyennghiep.com/httpdocs/wp-includes" "Mozilla/5.0 AppleWebKit/537.36 (KHTML, like Gecko; compatible; GPTBot/1.4; +https://openai.com/gptbot)"
198.244.183.33 - - [14/Jun/2026:03:59:26 +0700] "GET /san-pham/may-cha-nham-danh-bong-makita-9207spb/ HTTP/2" 200 63099 "-" "Mozilla/5.0 (compatible; AhrefsBot/7.0; +http://ahrefs.com/robot/)"
216.73.216.61 - - [14/Jun/2026:03:59:27 +0700] "GET /wp-sitemap.xml?filesrc=%2Fvar%2Fwww%2Fvhosts%2Fdienmaychuyennghiep.com%2Fhttpdocs%2Fwp-content%2Fuploads%2F2025%2F08%2FOIP-2-100x100.webp&path=%2Fvar%2Fwww%2Fvhosts%2Fdienmaychuyennghiep.com%2Fhttpdocs%2Fwp-content%2Fuploads%2F2025%2F08 HTTP/2" 200 19836 "-" "Mozilla/5.0 AppleWebKit/537.36 (KHTML, like Gecko; compatible; ClaudeBot/1.0; +claudebot@anthropic.com)"
216.73.216.61 - - [14/Jun/2026:03:59:28 +0700] "GET /wp-sitemap.xml?filesrc=%2Fvar%2Fwww%2Fvhosts%2Fdienmaychuyennghiep.com%2Fhttpdocs%2Fwp-content%2Fuploads%2F2025%2F10%2Ff400-2-5hp.webp&path=%2Fvar%2Fwww%2Fvhosts%2Fdienmaychuyennghiep.com%2Fhttpdocs%2Fwp-content%2Fuploads%2F2025%2F10 HTTP/2" 200 45115 "-" "Mozilla/5.0 AppleWebKit/537.36 (KHTML, like Gecko; compatible; ClaudeBot/1.0; +claudebot@anthropic.com)"
216.73.216.61 - - [14/Jun/2026:03:59:28 +0700] "GET /wp-sitemap.xml?filesrc=%2Fvar%2Fwww%2Fvhosts%2Fdienmaychuyennghiep.com%2Fhttpdocs%2Fwp-content%2Fuploads%2F2025%2F08%2F191365092.webp&path=%2Fvar%2Fwww%2Fvhosts%2Fdienmaychuyennghiep.com%2Fhttpdocs%2Fwp-content%2Fuploads%2F2025%2F08 HTTP/2" 200 42412 "-" "Mozilla/5.0 AppleWebKit/537.36 (KHTML, like Gecko; compatible; ClaudeBot/1.0; +claudebot@anthropic.com)"
216.73.216.61 - - [14/Jun/2026:03:59:30 +0700] "GET /wp-sitemap.xml?filesrc=%2Fvar%2Fwww%2Fvhosts%2Fdienmaychuyennghiep.com%2Fhttpdocs%2Fwp-content%2Fuploads%2F2024%2F05%2F106CG-Files_v1.jpeg&path=%2Fvar%2Fwww%2Fvhosts%2Fdienmaychuyennghiep.com%2Fhttpdocs%2Fwp-content%2Fuploads%2F2024%2F05 HTTP/2" 200 21633 "-" "Mozilla/5.0 AppleWebKit/537.36 (KHTML, like Gecko; compatible; ClaudeBot/1.0; +claudebot@anthropic.com)"
83.99.206.233 - - [14/Jun/2026:03:59:28 +0700] "GET /danh-muc-san-pham/dung-cu-cam-tay/kim/kim-mo-phe/?filesrc=/var/www/vhosts/dienmaychuyennghiep.com/httpdocs/wp-content/languages/vi-49c6d4acf36cf3aca9f0b2a77617304f.json&path=/var/www/vhosts/dienmaychuyennghiep.com/httpdocs/wp-content/languages HTTP/1.1" 200 55848 "-" "Mozilla/5.0 (X11; Linux x86_64) AppleWebKit/537.36 (KHTML, like Gecko; GeedoShopProductFinder) Chrome/142.0.0.0 Safari/537.36"
216.73.216.61 - - [14/Jun/2026:03:59:31 +0700] "GET /wp-sitemap.xml?filesrc=%2Fvar%2Fwww%2Fvhosts%2Fdienmaychuyennghiep.com%2Fhttpdocs%2Fwp-content%2Fuploads%2F2025%2F10%2FSXWTD-FT580.webp&path=%2Fvar%2Fwww%2Fvhosts%2Fdienmaychuyennghiep.com%2Fhttpdocs%2Fwp-content%2Fuploads%2F2025%2F10 HTTP/2" 200 36700 "-" "Mozilla/5.0 AppleWebKit/537.36 (KHTML, like Gecko; compatible; ClaudeBot/1.0; +claudebot@anthropic.com)"
216.73.216.61 - - [14/Jun/2026:03:59:31 +0700] "GET /wp-sitemap.xml?filesrc=%2Fvar%2Fwww%2Fvhosts%2Fdienmaychuyennghiep.com%2Fhttpdocs%2Fwp-content%2Fuploads%2F2024%2F05%2F55YD52_AS01.jpeg&path=%2Fvar%2Fwww%2Fvhosts%2Fdienmaychuyennghiep.com%2Fhttpdocs%2Fwp-content%2Fuploads%2F2024%2F05 HTTP/2" 200 22106 "-" "Mozilla/5.0 AppleWebKit/537.36 (KHTML, like Gecko; compatible; ClaudeBot/1.0; +claudebot@anthropic.com)"
216.73.216.61 - - [14/Jun/2026:03:59:31 +0700] "GET /wp-sitemap.xml?filesrc=%2Fvar%2Fwww%2Fvhosts%2Fdienmaychuyennghiep.com%2Fhttpdocs%2Fwp-content%2Fuploads%2F2025%2F08%2FOIP-2-280x280.webp&path=%2Fvar%2Fwww%2Fvhosts%2Fdienmaychuyennghiep.com%2Fhttpdocs%2Fwp-content%2Fuploads%2F2025%2F08 HTTP/2" 200 22229 "-" "Mozilla/5.0 AppleWebKit/537.36 (KHTML, like Gecko; compatible; ClaudeBot/1.0; +claudebot@anthropic.com)"
216.73.216.61 - - [14/Jun/2026:03:59:32 +0700] "GET /wp-sitemap.xml?filesrc=%2Fvar%2Fwww%2Fvhosts%2Fdienmaychuyennghiep.com%2Fhttpdocs%2Fwp-content%2Fuploads%2F2025%2F08%2F9453_9.webp&path=%2Fvar%2Fwww%2Fvhosts%2Fdienmaychuyennghiep.com%2Fhttpdocs%2Fwp-content%2Fuploads%2F2025%2F08 HTTP/2" 200 38857 "-" "Mozilla/5.0 AppleWebKit/537.36 (KHTML, like Gecko; compatible; ClaudeBot/1.0; +claudebot@anthropic.com)"
54.39.89.218 - - [14/Jun/2026:03:59:31 +0700] "GET /products/79033145094 HTTP/2" 200 19536 "-" "Mozilla/5.0 (compatible; AhrefsBot/7.0; +http://ahrefs.com/robot/)"
74.7.243.201 - - [14/Jun/2026:03:59:31 +0700] "GET /san-pham/may-khoan-bua-makita-m8100kx2b-bo-26-phu-kien/?filesrc=/var/www/vhosts/dienmaychuyennghiep.com/httpdocs/wp-includes/class-wp-dependency.php&path=/var/www/vhosts/dienmaychuyennghiep.com/httpdocs/wp-includes HTTP/2" 200 63390 "https://www.dienmaychuyennghiep.com/san-pham/may-khoan-bua-makita-m8100kx2b-bo-26-phu-kien/?path=/var/www/vhosts/dienmaychuyennghiep.com/httpdocs/wp-includes" "Mozilla/5.0 AppleWebKit/537.36 (KHTML, like Gecko; compatible; GPTBot/1.4; +https://openai.com/gptbot)"
216.73.216.61 - - [14/Jun/2026:03:59:34 +0700] "GET /wp-sitemap.xml?filesrc=%2Fvar%2Fwww%2Fvhosts%2Fdienmaychuyennghiep.com%2Fhttpdocs%2Fwp-content%2Fuploads%2F2025%2F08%2FOIP-100x100.webp&path=%2Fvar%2Fwww%2Fvhosts%2Fdienmaychuyennghiep.com%2Fhttpdocs%2Fwp-content%2Fuploads%2F2025%2F08 HTTP/2" 200 20419 "-" "Mozilla/5.0 AppleWebKit/537.36 (KHTML, like Gecko; compatible; ClaudeBot/1.0; +claudebot@anthropic.com)"
216.73.216.61 - - [14/Jun/2026:03:59:34 +0700] "GET /wp-sitemap.xml?filesrc=%2Fvar%2Fwww%2Fvhosts%2Fdienmaychuyennghiep.com%2Fhttpdocs%2Fwp-content%2Fuploads%2F2025%2F08%2FOIP-280x280.webp&path=%2Fvar%2Fwww%2Fvhosts%2Fdienmaychuyennghiep.com%2Fhttpdocs%2Fwp-content%2Fuploads%2F2025%2F08 HTTP/2" 200 23700 "-" "Mozilla/5.0 AppleWebKit/537.36 (KHTML, like Gecko; compatible; ClaudeBot/1.0; +claudebot@anthropic.com)"
216.73.216.61 - - [14/Jun/2026:03:59:34 +0700] "GET /wp-sitemap.xml?filesrc=%2Fvar%2Fwww%2Fvhosts%2Fdienmaychuyennghiep.com%2Fhttpdocs%2Fwp-content%2Fuploads%2F2024%2F05%2F4YL17_AS01.jpeg&path=%2Fvar%2Fwww%2Fvhosts%2Fdienmaychuyennghiep.com%2Fhttpdocs%2Fwp-content%2Fuploads%2F2024%2F05 HTTP/2" 200 32016 "-" "Mozilla/5.0 AppleWebKit/537.36 (KHTML, like Gecko; compatible; ClaudeBot/1.0; +claudebot@anthropic.com)"
216.73.216.61 - - [14/Jun/2026:03:59:34 +0700] "GET /wp-sitemap.xml?filesrc=%2Fvar%2Fwww%2Fvhosts%2Fdienmaychuyennghiep.com%2Fhttpdocs%2Fwp-content%2Fuploads%2F2025%2F08%2FOIP-1-1.webp&path=%2Fvar%2Fwww%2Fvhosts%2Fdienmaychuyennghiep.com%2Fhttpdocs%2Fwp-content%2Fuploads%2F2025%2F08 HTTP/2" 200 24085 "-" "Mozilla/5.0 AppleWebKit/537.36 (KHTML, like Gecko; compatible; ClaudeBot/1.0; +claudebot@anthropic.com)"
142.44.220.159 - - [14/Jun/2026:03:59:35 +0700] "GET /products/79033136274 HTTP/2" 200 19514 "-" "Mozilla/5.0 (compatible; AhrefsBot/7.0; +http://ahrefs.com/robot/)"
216.73.216.61 - - [14/Jun/2026:03:59:36 +0700] "GET /wp-sitemap.xml?filesrc=%2Fvar%2Fwww%2Fvhosts%2Fdienmaychuyennghiep.com%2Fhttpdocs%2Fwp-content%2Fuploads%2F2025%2F08%2FDZC03-26B.webp&path=%2Fvar%2Fwww%2Fvhosts%2Fdienmaychuyennghiep.com%2Fhttpdocs%2Fwp-content%2Fuploads%2F2025%2F08 HTTP/2" 200 24257 "-" "Mozilla/5.0 AppleWebKit/537.36 (KHTML, like Gecko; compatible; ClaudeBot/1.0; +claudebot@anthropic.com)"
216.73.216.61 - - [14/Jun/2026:03:59:36 +0700] "GET /wp-sitemap.xml?filesrc=%2Fvar%2Fwww%2Fvhosts%2Fdienmaychuyennghiep.com%2Fhttpdocs%2Fwp-content%2Fuploads%2F2025%2F08%2F77-asm04-100b-1.webp&path=%2Fvar%2Fwww%2Fvhosts%2Fdienmaychuyennghiep.com%2Fhttpdocs%2Fwp-content%2Fuploads%2F2025%2F08 HTTP/2" 200 59182 "-" "Mozilla/5.0 AppleWebKit/537.36 (KHTML, like Gecko; compatible; ClaudeBot/1.0; +claudebot@anthropic.com)"
216.73.216.61 - - [14/Jun/2026:03:59:36 +0700] "GET /wp-sitemap.xml?filesrc=%2Fvar%2Fwww%2Fvhosts%2Fdienmaychuyennghiep.com%2Fhttpdocs%2Fwp-content%2Fuploads%2F2024%2F05%2FCGI-ToolsPair.jpeg&path=%2Fvar%2Fwww%2Fvhosts%2Fdienmaychuyennghiep.com%2Fhttpdocs%2Fwp-content%2Fuploads%2F2024%2F05 HTTP/2" 200 23686 "-" "Mozilla/5.0 AppleWebKit/537.36 (KHTML, like Gecko; compatible; ClaudeBot/1.0; +claudebot@anthropic.com)"
216.73.216.61 - - [14/Jun/2026:03:59:37 +0700] "GET /wp-sitemap.xml?filesrc=%2Fvar%2Fwww%2Fvhosts%2Fdienmaychuyennghiep.com%2Fhttpdocs%2Fwp-content%2Fplugins%2Felementor%2Fchangelog.txt&path=%2Fvar%2Fwww%2Fvhosts%2Fdienmaychuyennghiep.com%2Fhttpdocs%2Fwp-content%2Fplugins%2Felementor HTTP/2" 200 106065 "-" "Mozilla/5.0 AppleWebKit/537.36 (KHTML, like Gecko; compatible; ClaudeBot/1.0; +claudebot@anthropic.com)"
216.73.216.144 - - [14/Jun/2026:03:59:36 +0700] "GET /san-pham/may-van-bu-long-dong-luc-dung-pin-dewalt-dcf911n-b1/feed/?path=%2Fvar%2Fwww%2Fvhosts%2Fdienmaychuyennghiep.com%2Fhttpdocs%2Fwp-includes%2Fjs%2Fdist%2Fscript-modules%2Finteractivity HTTP/2" 200 19460 "-" "Mozilla/5.0 AppleWebKit/537.36 (KHTML, like Gecko; compatible; ClaudeBot/1.0; +claudebot@anthropic.com)"
216.73.216.144 - - [14/Jun/2026:03:59:36 +0700] "GET /san-pham/may-van-bu-long-dong-luc-dung-pin-dewalt-dcf911n-b1/feed/?path=%2Fvar%2Fwww%2Fvhosts%2Fdienmaychuyennghiep.com%2Fhttpdocs%2Fwp-includes%2Fjs%2Ftinymce%2Fplugins%2Fwpdialogs HTTP/2" 200 19413 "-" "Mozilla/5.0 AppleWebKit/537.36 (KHTML, like Gecko; compatible; ClaudeBot/1.0; +claudebot@anthropic.com)"
74.7.243.201 - - [14/Jun/2026:03:59:35 +0700] "GET /san-pham/may-bat-oc-dpb30/feed/?filesrc=/var/www/vhosts/dienmaychuyennghiep.com/httpdocs/wp-includes/class-wp-tax-query.php&path=/var/www/vhosts/dienmaychuyennghiep.com/httpdocs/wp-includes HTTP/2" 200 24540 "https://www.dienmaychuyennghiep.com/san-pham/may-bat-oc-dpb30/feed/?path=/var/www/vhosts/dienmaychuyennghiep.com/httpdocs/wp-includes" "Mozilla/5.0 AppleWebKit/537.36 (KHTML, like Gecko; compatible; GPTBot/1.4; +https://openai.com/gptbot)"
216.73.216.61 - - [14/Jun/2026:03:59:39 +0700] "GET /wp-sitemap.xml?filesrc=%2Fvar%2Fwww%2Fvhosts%2Fdienmaychuyennghiep.com%2Fhttpdocs%2Fwp-content%2Fplugins%2Felementor-pro%2Fchangelog.txt&path=%2Fvar%2Fwww%2Fvhosts%2Fdienmaychuyennghiep.com%2Fhttpdocs%2Fwp-content%2Fplugins%2Felementor-pro HTTP/2" 200 63093 "-" "Mozilla/5.0 AppleWebKit/537.36 (KHTML, like Gecko; compatible; ClaudeBot/1.0; +claudebot@anthropic.com)"
74.7.243.201 - - [14/Jun/2026:03:59:39 +0700] "GET /?path=/var/www/vhosts/dienmaychuyennghiep.com HTTP/2" 200 19399 "https://www.dienmaychuyennghiep.com/?p=3895" "Mozilla/5.0 AppleWebKit/537.36 (KHTML, like Gecko; compatible; GPTBot/1.4; +https://openai.com/gptbot)"
216.73.216.61 - - [14/Jun/2026:03:59:40 +0700] "GET /wp-sitemap.xml?filesrc=%2Fvar%2Fwww%2Fvhosts%2Fdienmaychuyennghiep.com%2Fhttpdocs%2Fwp-content%2Fuploads%2F2025%2F08%2F165-asb234-768x768.webp&path=%2Fvar%2Fwww%2Fvhosts%2Fdienmaychuyennghiep.com%2Fhttpdocs%2Fwp-content%2Fuploads%2F2025%2F08 HTTP/2" 200 53518 "-" "Mozilla/5.0 AppleWebKit/537.36 (KHTML, like Gecko; compatible; ClaudeBot/1.0; +claudebot@anthropic.com)"
216.73.216.61 - - [14/Jun/2026:03:59:40 +0700] "GET /wp-sitemap.xml?filesrc=%2Fvar%2Fwww%2Fvhosts%2Fdienmaychuyennghiep.com%2Fhttpdocs%2Fwp-content%2Fuploads%2F2025%2F08%2FDCJF22.jpg&path=%2Fvar%2Fwww%2Fvhosts%2Fdienmaychuyennghiep.com%2Fhttpdocs%2Fwp-content%2Fuploads%2F2025%2F08 HTTP/2" 200 330028 "-" "Mozilla/5.0 AppleWebKit/537.36 (KHTML, like Gecko; compatible; ClaudeBot/1.0; +claudebot@anthropic.com)"
216.73.216.61 - - [14/Jun/2026:03:59:40 +0700] "GET /wp-sitemap.xml?filesrc=%2Fvar%2Fwww%2Fvhosts%2Fdienmaychuyennghiep.com%2Fhttpdocs%2Fwp-content%2Fuploads%2F2025%2F10%2FDCF964NT_2-280x280.avif&path=%2Fvar%2Fwww%2Fvhosts%2Fdienmaychuyennghiep.com%2Fhttpdocs%2Fwp-content%2Fuploads%2F2025%2F10 HTTP/2" 200 26507 "-" "Mozilla/5.0 AppleWebKit/537.36 (KHTML, like Gecko; compatible; ClaudeBot/1.0; +claudebot@anthropic.com)"
15.235.27.39 - - [14/Jun/2026:03:59:39 +0700] "GET /products/79033133149 HTTP/2" 200 19536 "-" "Mozilla/5.0 (compatible; AhrefsBot/7.0; +http://ahrefs.com/robot/)"
66.249.71.4 - - [14/Jun/2026:03:59:40 +0700] "GET /?filesrc=/var/www/vhosts/dienmaychuyennghiep.com/httpdocs/wordpress/wp-content/themes/twentytwentyfive/styles/03-dusk.json&path=/var/www/vhosts/dienmaychuyennghiep.com/httpdocs/wordpress/wp-content/themes/twentytwentyfive/styles HTTP/1.1" 200 20584 "-" "Mozilla/5.0 (Linux; Android 6.0.1; Nexus 5X Build/MMB29P) AppleWebKit/537.36 (KHTML, like Gecko) Chrome/148.0.7778.96 Mobile Safari/537.36 (compatible; Googlebot/2.1; +http://www.google.com/bot.html)"
103.138.88.26 - - [14/Jun/2026:03:59:43 +0700] "POST /wp-cron.php?doing_wp_cron=1781384383.0131340026855468750000 HTTP/1.1" 200 474 "-" "WordPress/7.0; https://www.dienmaychuyennghiep.com"
216.73.216.61 - - [14/Jun/2026:03:59:40 +0700] "GET /wp-sitemap.xml?filesrc=%2Fvar%2Fwww%2Fvhosts%2Fdienmaychuyennghiep.com%2Fhttpdocs%2Fwp-content%2Fuploads%2F2025%2F10%2Fu-100x100.png&path=%2Fvar%2Fwww%2Fvhosts%2Fdienmaychuyennghiep.com%2Fhttpdocs%2Fwp-content%2Fuploads%2F2025%2F10 HTTP/2" 200 23588 "-" "Mozilla/5.0 AppleWebKit/537.36 (KHTML, like Gecko; compatible; ClaudeBot/1.0; +claudebot@anthropic.com)"
74.7.243.201 - - [14/Jun/2026:03:59:42 +0700] "GET /?filesrc=/var/www/vhosts/dienmaychuyennghiep.com/httpdocs/pler.php&path=/var/www/vhosts/dienmaychuyennghiep.com/httpdocs HTTP/2" 200 18552 "https://www.dienmaychuyennghiep.com/?p=3895" "Mozilla/5.0 AppleWebKit/537.36 (KHTML, like Gecko; compatible; GPTBot/1.4; +https://openai.com/gptbot)"
216.73.216.61 - - [14/Jun/2026:03:59:43 +0700] "GET /wp-sitemap.xml?filesrc=%2Fvar%2Fwww%2Fvhosts%2Fdienmaychuyennghiep.com%2Fhttpdocs%2Fwp-content%2Fuploads%2F2025%2F10%2FDCD805N-1.png&path=%2Fvar%2Fwww%2Fvhosts%2Fdienmaychuyennghiep.com%2Fhttpdocs%2Fwp-content%2Fuploads%2F2025%2F10 HTTP/2" 200 153905 "-" "Mozilla/5.0 AppleWebKit/537.36 (KHTML, like Gecko; compatible; ClaudeBot/1.0; +claudebot@anthropic.com)"
15.235.96.155 - - [14/Jun/2026:03:59:43 +0700] "GET /products/79033132339 HTTP/2" 200 19772 "-" "Mozilla/5.0 (compatible; AhrefsBot/7.0; +http://ahrefs.com/robot/)"
216.73.216.61 - - [14/Jun/2026:03:59:43 +0700] "GET /wp-sitemap.xml?filesrc=%2Fvar%2Fwww%2Fvhosts%2Fdienmaychuyennghiep.com%2Fhttpdocs%2Fwp-content%2Fuploads%2F2025%2F08%2F191365092-400x400.webp&path=%2Fvar%2Fwww%2Fvhosts%2Fdienmaychuyennghiep.com%2Fhttpdocs%2Fwp-content%2Fuploads%2F2025%2F08 HTTP/2" 200 25851 "-" "Mozilla/5.0 AppleWebKit/537.36 (KHTML, like Gecko; compatible; ClaudeBot/1.0; +claudebot@anthropic.com)"
216.73.216.61 - - [14/Jun/2026:03:59:43 +0700] "GET /wp-sitemap.xml?filesrc=%2Fvar%2Fwww%2Fvhosts%2Fdienmaychuyennghiep.com%2Fhttpdocs%2Fwp-content%2Fuploads%2F2024%2F05%2F222SP-58JL61-1_v1.jpeg&path=%2Fvar%2Fwww%2Fvhosts%2Fdienmaychuyennghiep.com%2Fhttpdocs%2Fwp-content%2Fuploads%2F2024%2F05 HTTP/2" 200 24543 "-" "Mozilla/5.0 AppleWebKit/537.36 (KHTML, like Gecko; compatible; ClaudeBot/1.0; +claudebot@anthropic.com)"
216.73.216.61 - - [14/Jun/2026:03:59:43 +0700] "GET /wp-sitemap.xml?filesrc=%2Fvar%2Fwww%2Fvhosts%2Fdienmaychuyennghiep.com%2Fhttpdocs%2Fwp-content%2Fuploads%2F2024%2F05%2FIcon-duc-dot.png&path=%2Fvar%2Fwww%2Fvhosts%2Fdienmaychuyennghiep.com%2Fhttpdocs%2Fwp-content%2Fuploads%2F2024%2F05 HTTP/2" 200 30491 "-" "Mozilla/5.0 AppleWebKit/537.36 (KHTML, like Gecko; compatible; ClaudeBot/1.0; +claudebot@anthropic.com)"
74.7.243.201 - - [14/Jun/2026:03:59:44 +0700] "GET /?filesrc=/var/www/vhosts/dienmaychuyennghiep.com/httpdocs/mailer.php&path=/var/www/vhosts/dienmaychuyennghiep.com/httpdocs HTTP/2" 200 18553 "https://www.dienmaychuyennghiep.com/?p=3895" "Mozilla/5.0 AppleWebKit/537.36 (KHTML, like Gecko; compatible; GPTBot/1.4; +https://openai.com/gptbot)"
216.73.216.61 - - [14/Jun/2026:03:59:46 +0700] "GET /wp-sitemap.xml?filesrc=%2Fvar%2Fwww%2Fvhosts%2Fdienmaychuyennghiep.com%2Fhttpdocs%2Fwp-content%2Fuploads%2F2025%2F10%2Fu-280x280.png&path=%2Fvar%2Fwww%2Fvhosts%2Fdienmaychuyennghiep.com%2Fhttpdocs%2Fwp-content%2Fuploads%2F2025%2F10 HTTP/2" 200 43787 "-" "Mozilla/5.0 AppleWebKit/537.36 (KHTML, like Gecko; compatible; ClaudeBot/1.0; +claudebot@anthropic.com)"
216.73.216.61 - - [14/Jun/2026:03:59:46 +0700] "GET /wp-sitemap.xml?filesrc=%2Fvar%2Fwww%2Fvhosts%2Fdienmaychuyennghiep.com%2Fhttpdocs%2Fwp-content%2Fuploads%2F2025%2F08%2F9453_9-400x400.webp&path=%2Fvar%2Fwww%2Fvhosts%2Fdienmaychuyennghiep.com%2Fhttpdocs%2Fwp-content%2Fuploads%2F2025%2F08 HTTP/2" 200 25359 "-" "Mozilla/5.0 AppleWebKit/537.36 (KHTML, like Gecko; compatible; ClaudeBot/1.0; +claudebot@anthropic.com)"
216.73.216.61 - - [14/Jun/2026:03:59:47 +0700] "GET /wp-sitemap.xml?filesrc=%2Fvar%2Fwww%2Fvhosts%2Fdienmaychuyennghiep.com%2Fhttpdocs%2Fwp-content%2Fuploads%2F2025%2F08%2Fasm06-100.png&path=%2Fvar%2Fwww%2Fvhosts%2Fdienmaychuyennghiep.com%2Fhttpdocs%2Fwp-content%2Fuploads%2F2025%2F08 HTTP/2" 200 90306 "-" "Mozilla/5.0 AppleWebKit/537.36 (KHTML, like Gecko; compatible; ClaudeBot/1.0; +claudebot@anthropic.com)"
