216.73.216.61 - - [14/Jun/2026:03:55:51 +0700] "GET /wp-sitemap.xml?filesrc=%2Fvar%2Fwww%2Fvhosts%2Fdienmaychuyennghiep.com%2Fhttpdocs%2Fwp-includes%2Fclass-avif-info.php&path=%2Fvar%2Fwww%2Fvhosts%2Fdienmaychuyennghiep.com%2Fhttpdocs%2Fwp-includes HTTP/2" 200 25728 "-" "Mozilla/5.0 AppleWebKit/537.36 (KHTML, like Gecko; compatible; ClaudeBot/1.0; +claudebot@anthropic.com)"
216.73.216.61 - - [14/Jun/2026:03:55:53 +0700] "GET /wp-sitemap.xml?filesrc=%2Fvar%2Fwww%2Fvhosts%2Fdienmaychuyennghiep.com%2Fhttpdocs%2Fwp-includes%2Fclass-wp-block-metadata-registry.php&path=%2Fvar%2Fwww%2Fvhosts%2Fdienmaychuyennghiep.com%2Fhttpdocs%2Fwp-includes HTTP/2" 200 22592 "-" "Mozilla/5.0 AppleWebKit/537.36 (KHTML, like Gecko; compatible; ClaudeBot/1.0; +claudebot@anthropic.com)"
54.39.210.167 - - [14/Jun/2026:03:55:53 +0700] "GET /products/79033276244 HTTP/2" 200 19760 "-" "Mozilla/5.0 (compatible; AhrefsBot/7.0; +http://ahrefs.com/robot/)"
216.73.216.61 - - [14/Jun/2026:03:55:53 +0700] "GET /wp-sitemap.xml?filesrc=%2Fvar%2Fwww%2Fvhosts%2Fdienmaychuyennghiep.com%2Fhttpdocs%2Fwp-admin%2Fcredits.php&path=%2Fvar%2Fwww%2Fvhosts%2Fdienmaychuyennghiep.com%2Fhttpdocs%2Fwp-admin HTTP/2" 200 20250 "-" "Mozilla/5.0 AppleWebKit/537.36 (KHTML, like Gecko; compatible; ClaudeBot/1.0; +claudebot@anthropic.com)"
216.73.216.61 - - [14/Jun/2026:03:55:54 +0700] "GET /wp-sitemap.xml?path=%2Fvar%2Fwww%2Fvhosts%2Fdienmaychuyennghiep.com%2Fhttpdocs%2Fwp-content%2Fplugins%2Fdienmaychuyennghiep HTTP/2" 200 19020 "-" "Mozilla/5.0 AppleWebKit/537.36 (KHTML, like Gecko; compatible; ClaudeBot/1.0; +claudebot@anthropic.com)"
216.73.216.61 - - [14/Jun/2026:03:55:54 +0700] "GET /wp-sitemap.xml?filesrc=%2Fvar%2Fwww%2Fvhosts%2Fdienmaychuyennghiep.com%2Fhttpdocs%2Fwp-content%2Fwflogs%2Frules.php&path=%2Fvar%2Fwww%2Fvhosts%2Fdienmaychuyennghiep.com%2Fhttpdocs%2Fwp-content%2Fwflogs HTTP/2" 200 65323 "-" "Mozilla/5.0 AppleWebKit/537.36 (KHTML, like Gecko; compatible; ClaudeBot/1.0; +claudebot@anthropic.com)"
83.99.206.34 - - [14/Jun/2026:03:55:52 +0700] "GET /danh-muc-san-pham/dung-cu-cam-tay/kim/kim-mo-phe/?filesrc=/var/www/vhosts/dienmaychuyennghiep.com/httpdocs/wp-content/languages/admin-vi.po&path=/var/www/vhosts/dienmaychuyennghiep.com/httpdocs/wp-content/languages HTTP/1.1" 200 261715 "-" "Mozilla/5.0 (X11; Linux x86_64) AppleWebKit/537.36 (KHTML, like Gecko; GeedoShopProductFinder) Chrome/142.0.0.0 Safari/537.36"
216.73.216.61 - - [14/Jun/2026:03:55:54 +0700] "GET /wp-sitemap.xml?filesrc=%2Fvar%2Fwww%2Fvhosts%2Fdienmaychuyennghiep.com%2Fhttpdocs%2Fwp-includes%2Fblocks%2Fcomments-pagination-numbers.php&path=%2Fvar%2Fwww%2Fvhosts%2Fdienmaychuyennghiep.com%2Fhttpdocs%2Fwp-includes%2Fblocks HTTP/2" 200 19481 "-" "Mozilla/5.0 AppleWebKit/537.36 (KHTML, like Gecko; compatible; ClaudeBot/1.0; +claudebot@anthropic.com)"
198.244.242.131 - - [14/Jun/2026:03:55:53 +0700] "GET /san-pham/may-mai-goc-asm150a/feed/ HTTP/2" 200 19772 "-" "Mozilla/5.0 (compatible; AhrefsBot/7.0; +http://ahrefs.com/robot/)"
216.73.216.61 - - [14/Jun/2026:03:55:54 +0700] "GET /wp-sitemap.xml?filesrc=%2Fvar%2Fwww%2Fvhosts%2Fdienmaychuyennghiep.com%2Fhttpdocs%2Fwp-admin%2Fjs%2Feditor.min.js&path=%2Fvar%2Fwww%2Fvhosts%2Fdienmaychuyennghiep.com%2Fhttpdocs%2Fwp-admin%2Fjs HTTP/2" 200 24039 "-" "Mozilla/5.0 AppleWebKit/537.36 (KHTML, like Gecko; compatible; ClaudeBot/1.0; +claudebot@anthropic.com)"
66.249.68.35 - - [14/Jun/2026:03:55:56 +0700] "GET /?filesrc=/var/www/vhosts/dienmaychuyennghiep.com/httpdocs/wordpress/wp-content/themes/twentytwentythree/styles/marigold.json&path=/var/www/vhosts/dienmaychuyennghiep.com/httpdocs/wordpress/wp-content/themes/twentytwentythree/styles HTTP/1.1" 200 20833 "-" "Mozilla/5.0 (Linux; Android 6.0.1; Nexus 5X Build/MMB29P) AppleWebKit/537.36 (KHTML, like Gecko) Chrome/148.0.7778.96 Mobile Safari/537.36 (compatible; Googlebot/2.1; +http://www.google.com/bot.html)"
216.73.216.61 - - [14/Jun/2026:03:55:57 +0700] "GET /wp-sitemap.xml?filesrc=%2Fvar%2Fwww%2Fvhosts%2Fdienmaychuyennghiep.com%2Fhttpdocs%2Fwp-admin%2Fjs%2Fcustomize-controls.js&path=%2Fvar%2Fwww%2Fvhosts%2Fdienmaychuyennghiep.com%2Fhttpdocs%2Fwp-admin%2Fjs HTTP/2" 200 90315 "-" "Mozilla/5.0 AppleWebKit/537.36 (KHTML, like Gecko; compatible; ClaudeBot/1.0; +claudebot@anthropic.com)"
216.73.216.61 - - [14/Jun/2026:03:55:58 +0700] "GET /wp-sitemap.xml?filesrc=%2Fvar%2Fwww%2Fvhosts%2Fdienmaychuyennghiep.com%2Fhttpdocs%2Fwp-includes%2Fblocks%2Fpage-list.php&path=%2Fvar%2Fwww%2Fvhosts%2Fdienmaychuyennghiep.com%2Fhttpdocs%2Fwp-includes%2Fblocks HTTP/2" 200 23149 "-" "Mozilla/5.0 AppleWebKit/537.36 (KHTML, like Gecko; compatible; ClaudeBot/1.0; +claudebot@anthropic.com)"
216.73.216.61 - - [14/Jun/2026:03:55:57 +0700] "GET /wp-sitemap.xml?filesrc=%2Fvar%2Fwww%2Fvhosts%2Fdienmaychuyennghiep.com%2Fhttpdocs%2Fwp-includes%2Fmedia-template.php&path=%2Fvar%2Fwww%2Fvhosts%2Fdienmaychuyennghiep.com%2Fhttpdocs%2Fwp-includes HTTP/2" 200 32800 "-" "Mozilla/5.0 AppleWebKit/537.36 (KHTML, like Gecko; compatible; ClaudeBot/1.0; +claudebot@anthropic.com)"
216.73.216.61 - - [14/Jun/2026:03:55:58 +0700] "GET /wp-sitemap.xml?filesrc=%2Fvar%2Fwww%2Fvhosts%2Fdienmaychuyennghiep.com%2Fhttpdocs%2Fwp-includes%2Fjs%2Fhoverintent-js.min.js&path=%2Fvar%2Fwww%2Fvhosts%2Fdienmaychuyennghiep.com%2Fhttpdocs%2Fwp-includes%2Fjs HTTP/2" 200 19519 "-" "Mozilla/5.0 AppleWebKit/537.36 (KHTML, like Gecko; compatible; ClaudeBot/1.0; +claudebot@anthropic.com)"
51.161.65.189 - - [14/Jun/2026:03:55:57 +0700] "GET /products/79033275619 HTTP/2" 200 19536 "-" "Mozilla/5.0 (compatible; AhrefsBot/7.0; +http://ahrefs.com/robot/)"
216.73.216.61 - - [14/Jun/2026:03:55:58 +0700] "GET /wp-sitemap.xml?filesrc=%2Fvar%2Fwww%2Fvhosts%2Fdienmaychuyennghiep.com%2Fhttpdocs%2Fwp-includes%2Fjs%2Fwp-api.min.js&path=%2Fvar%2Fwww%2Fvhosts%2Fdienmaychuyennghiep.com%2Fhttpdocs%2Fwp-includes%2Fjs HTTP/2" 200 23299 "-" "Mozilla/5.0 AppleWebKit/537.36 (KHTML, like Gecko; compatible; ClaudeBot/1.0; +claudebot@anthropic.com)"
216.73.216.61 - - [14/Jun/2026:03:55:58 +0700] "GET /wp-sitemap.xml?filesrc=%2Fvar%2Fwww%2Fvhosts%2Fdienmaychuyennghiep.com%2Fhttpdocs%2Fwp-admin%2Fjs%2Fplugin-install.min.js&path=%2Fvar%2Fwww%2Fvhosts%2Fdienmaychuyennghiep.com%2Fhttpdocs%2Fwp-admin%2Fjs HTTP/2" 200 19882 "-" "Mozilla/5.0 AppleWebKit/537.36 (KHTML, like Gecko; compatible; ClaudeBot/1.0; +claudebot@anthropic.com)"
104.253.218.171 - - [14/Jun/2026:03:56:02 +0700] "GET /wp-content/uploads/2024/07/M9506B-5-510x510.png HTTP/1.1" 200 146945 "-" "Mozilla/5.0 (compatible; crawler)"
51.161.65.117 - - [14/Jun/2026:03:56:01 +0700] "GET /products/79033270101 HTTP/2" 200 19536 "-" "Mozilla/5.0 (compatible; AhrefsBot/7.0; +http://ahrefs.com/robot/)"
216.73.216.61 - - [14/Jun/2026:03:56:01 +0700] "GET /wp-sitemap.xml?filesrc=%2Fvar%2Fwww%2Fvhosts%2Fdienmaychuyennghiep.com%2Fhttpdocs%2Fwp-includes%2Fjs%2Fwp-backbone.js&path=%2Fvar%2Fwww%2Fvhosts%2Fdienmaychuyennghiep.com%2Fhttpdocs%2Fwp-includes%2Fjs HTTP/2" 200 22992 "-" "Mozilla/5.0 AppleWebKit/537.36 (KHTML, like Gecko; compatible; ClaudeBot/1.0; +claudebot@anthropic.com)"
216.73.216.61 - - [14/Jun/2026:03:56:01 +0700] "GET /wp-sitemap.xml?filesrc=%2Fvar%2Fwww%2Fvhosts%2Fdienmaychuyennghiep.com%2Fhttpdocs%2Fwp-includes%2Fjs%2Fbackbone.js&path=%2Fvar%2Fwww%2Fvhosts%2Fdienmaychuyennghiep.com%2Fhttpdocs%2Fwp-includes%2Fjs HTTP/2" 200 43183 "-" "Mozilla/5.0 AppleWebKit/537.36 (KHTML, like Gecko; compatible; ClaudeBot/1.0; +claudebot@anthropic.com)"
216.73.216.61 - - [14/Jun/2026:03:56:01 +0700] "GET /wp-sitemap.xml?path=%2Fvar%2Fwww%2Fvhosts%2Fdienmaychuyennghiep.com%2Fhttpdocs%2Fwp-includes%2Fblocks%2Faccordion-item HTTP/2" 200 19138 "-" "Mozilla/5.0 AppleWebKit/537.36 (KHTML, like Gecko; compatible; ClaudeBot/1.0; +claudebot@anthropic.com)"
216.73.216.61 - - [14/Jun/2026:03:56:01 +0700] "GET /wp-sitemap.xml?path=%2Fvar%2Fwww%2Fvhosts%2Fdienmaychuyennghiep.com%2Fhttpdocs%2Fwp-content%2Fplugins%2Fseo-by-rank-math%2Fvendor HTTP/2" 200 19281 "-" "Mozilla/5.0 AppleWebKit/537.36 (KHTML, like Gecko; compatible; ClaudeBot/1.0; +claudebot@anthropic.com)"
216.73.216.61 - - [14/Jun/2026:03:56:01 +0700] "GET /wp-sitemap.xml?filesrc=%2Fvar%2Fwww%2Fvhosts%2Fdienmaychuyennghiep.com%2Fhttpdocs%2Fwp-includes%2Fjs%2Futils.min.js&path=%2Fvar%2Fwww%2Fvhosts%2Fdienmaychuyennghiep.com%2Fhttpdocs%2Fwp-includes%2Fjs HTTP/2" 200 19655 "-" "Mozilla/5.0 AppleWebKit/537.36 (KHTML, like Gecko; compatible; ClaudeBot/1.0; +claudebot@anthropic.com)"
216.73.216.61 - - [14/Jun/2026:03:56:01 +0700] "GET /wp-sitemap.xml?filesrc=%2Fvar%2Fwww%2Fvhosts%2Fdienmaychuyennghiep.com%2Fhttpdocs%2Fwp-admin%2Fjs%2Fedit-comments.min.js&path=%2Fvar%2Fwww%2Fvhosts%2Fdienmaychuyennghiep.com%2Fhttpdocs%2Fwp-admin%2Fjs HTTP/2" 200 25007 "-" "Mozilla/5.0 AppleWebKit/537.36 (KHTML, like Gecko; compatible; ClaudeBot/1.0; +claudebot@anthropic.com)"
189.81.152.120 - - [14/Jun/2026:03:56:06 +0700] "GET /wp-content/uploads/2024/06/7061R-5-510x510.png HTTP/1.1" 200 122890 "-" "Mozilla/5.0 (compatible; crawler)"
216.73.216.61 - - [14/Jun/2026:03:56:05 +0700] "GET /wp-sitemap.xml?filesrc=%2Fvar%2Fwww%2Fvhosts%2Fdienmaychuyennghiep.com%2Fhttpdocs%2Fwp-content%2Fplugins%2Felementor%2Fassets%2Fjs%2Fnotes.js&path=%2Fvar%2Fwww%2Fvhosts%2Fdienmaychuyennghiep.com%2Fhttpdocs%2Fwp-content%2Fplugins%2Felementor%2Fassets%2Fjs HTTP/2" 200 23294 "-" "Mozilla/5.0 AppleWebKit/537.36 (KHTML, like Gecko; compatible; ClaudeBot/1.0; +claudebot@anthropic.com)"
216.73.216.61 - - [14/Jun/2026:03:56:05 +0700] "GET /wp-sitemap.xml?filesrc=%2Fvar%2Fwww%2Fvhosts%2Fdienmaychuyennghiep.com%2Fhttpdocs%2Fwp-content%2Fplugins%2Fwoocommerce%2Fvendor%2Fbin%2Fphpcs&path=%2Fvar%2Fwww%2Fvhosts%2Fdienmaychuyennghiep.com%2Fhttpdocs%2Fwp-content%2Fplugins%2Fwoocommerce%2Fvendor%2Fbin HTTP/2" 200 19847 "-" "Mozilla/5.0 AppleWebKit/537.36 (KHTML, like Gecko; compatible; ClaudeBot/1.0; +claudebot@anthropic.com)"
216.73.216.61 - - [14/Jun/2026:03:56:05 +0700] "GET /wp-sitemap.xml?filesrc=%2Fvar%2Fwww%2Fvhosts%2Fdienmaychuyennghiep.com%2Fhttpdocs%2Fwp-includes%2Fblocks%2Fpost-template%2Fstyle.min.css&path=%2Fvar%2Fwww%2Fvhosts%2Fdienmaychuyennghiep.com%2Fhttpdocs%2Fwp-includes%2Fblocks%2Fpost-template HTTP/2" 200 19152 "-" "Mozilla/5.0 AppleWebKit/537.36 (KHTML, like Gecko; compatible; ClaudeBot/1.0; +claudebot@anthropic.com)"
216.73.216.61 - - [14/Jun/2026:03:56:05 +0700] "GET /wp-sitemap.xml?filesrc=%2Fvar%2Fwww%2Fvhosts%2Fdienmaychuyennghiep.com%2Fhttpdocs%2Fwp-content%2Fuploads%2Felementor%2Fcss%2Fpost-1148.css&path=%2Fvar%2Fwww%2Fvhosts%2Fdienmaychuyennghiep.com%2Fhttpdocs%2Fwp-content%2Fuploads%2Felementor%2Fcss HTTP/2" 200 19370 "-" "Mozilla/5.0 AppleWebKit/537.36 (KHTML, like Gecko; compatible; ClaudeBot/1.0; +claudebot@anthropic.com)"
216.73.216.61 - - [14/Jun/2026:03:56:05 +0700] "GET /wp-sitemap.xml?filesrc=%2Fvar%2Fwww%2Fvhosts%2Fdienmaychuyennghiep.com%2Fhttpdocs%2Fwp-content%2Fplugins%2Fwoocommerce%2Fi18n%2Funits.php&path=%2Fvar%2Fwww%2Fvhosts%2Fdienmaychuyennghiep.com%2Fhttpdocs%2Fwp-content%2Fplugins%2Fwoocommerce%2Fi18n HTTP/2" 200 19126 "-" "Mozilla/5.0 AppleWebKit/537.36 (KHTML, like Gecko; compatible; ClaudeBot/1.0; +claudebot@anthropic.com)"
216.73.216.61 - - [14/Jun/2026:03:56:05 +0700] "GET /wp-sitemap.xml?filesrc=%2Fvar%2Fwww%2Fvhosts%2Fdienmaychuyennghiep.com%2Fhttpdocs%2Fwp-content%2Fplugins%2Felementor%2Fvendor%2Fautoload.php&path=%2Fvar%2Fwww%2Fvhosts%2Fdienmaychuyennghiep.com%2Fhttpdocs%2Fwp-content%2Fplugins%2Felementor%2Fvendor HTTP/2" 200 19274 "-" "Mozilla/5.0 AppleWebKit/537.36 (KHTML, like Gecko; compatible; ClaudeBot/1.0; +claudebot@anthropic.com)"
54.39.203.67 - - [14/Jun/2026:03:56:05 +0700] "GET /products/7903326807 HTTP/2" 200 19536 "-" "Mozilla/5.0 (compatible; AhrefsBot/7.0; +http://ahrefs.com/robot/)"
216.73.216.61 - - [14/Jun/2026:03:56:08 +0700] "GET /wp-sitemap.xml?filesrc=%2Fvar%2Fwww%2Fvhosts%2Fdienmaychuyennghiep.com%2Fhttpdocs%2Fwp-includes%2Fl10n%2Fclass-wp-translation-file-php.php&path=%2Fvar%2Fwww%2Fvhosts%2Fdienmaychuyennghiep.com%2Fhttpdocs%2Fwp-includes%2Fl10n HTTP/2" 200 19577 "-" "Mozilla/5.0 AppleWebKit/537.36 (KHTML, like Gecko; compatible; ClaudeBot/1.0; +claudebot@anthropic.com)"
216.73.216.61 - - [14/Jun/2026:03:56:07 +0700] "GET /wp-sitemap.xml?path=%2Fvar%2Fwww%2Fvhosts%2Fdienmaychuyennghiep.com%2Fhttpdocs%2Fwp-content%2Fplugins%2Ftiktok-for-business%2Fcatalog HTTP/2" 200 19113 "-" "Mozilla/5.0 AppleWebKit/537.36 (KHTML, like Gecko; compatible; ClaudeBot/1.0; +claudebot@anthropic.com)"
51.222.95.13 - - [14/Jun/2026:03:56:10 +0700] "GET /products/79033265431 HTTP/2" 200 19536 "-" "Mozilla/5.0 (compatible; AhrefsBot/7.0; +http://ahrefs.com/robot/)"
216.73.216.61 - - [14/Jun/2026:03:56:10 +0700] "GET /wp-sitemap.xml?path=%2Fvar%2Fwww%2Fvhosts%2Fdienmaychuyennghiep.com%2Fhttpdocs%2Fwp-includes%2Fbuild%2Froutes%2Fconnectors-home HTTP/2" 200 19444 "-" "Mozilla/5.0 AppleWebKit/537.36 (KHTML, like Gecko; compatible; ClaudeBot/1.0; +claudebot@anthropic.com)"
216.73.216.61 - - [14/Jun/2026:03:56:10 +0700] "GET /wp-sitemap.xml?filesrc=%2Fvar%2Fwww%2Fvhosts%2Fdienmaychuyennghiep.com%2Fhttpdocs%2Fwp-content%2Fplugins%2Felementor%2Fassets%2Fjs%2Fadmin.js&path=%2Fvar%2Fwww%2Fvhosts%2Fdienmaychuyennghiep.com%2Fhttpdocs%2Fwp-content%2Fplugins%2Felementor%2Fassets%2Fjs HTTP/2" 200 42061 "-" "Mozilla/5.0 AppleWebKit/537.36 (KHTML, like Gecko; compatible; ClaudeBot/1.0; +claudebot@anthropic.com)"
216.73.216.61 - - [14/Jun/2026:03:56:10 +0700] "GET /wp-sitemap.xml?path=%2Fvar%2Fwww%2Fvhosts%2Fdienmaychuyennghiep.com%2Fhttpdocs%2Fwp-content%2Fthemes%2Ftwentytwentythree%2Fassets%2Ffonts HTTP/2" 200 19102 "-" "Mozilla/5.0 AppleWebKit/537.36 (KHTML, like Gecko; compatible; ClaudeBot/1.0; +claudebot@anthropic.com)"
216.73.216.61 - - [14/Jun/2026:03:56:10 +0700] "GET /wp-sitemap.xml?filesrc=%2Fvar%2Fwww%2Fvhosts%2Fdienmaychuyennghiep.com%2Fhttpdocs%2Fwp-content%2Fplugins%2Felementor%2Fassets%2Fjs%2Feditor.js&path=%2Fvar%2Fwww%2Fvhosts%2Fdienmaychuyennghiep.com%2Fhttpdocs%2Fwp-content%2Fplugins%2Felementor%2Fassets%2Fjs HTTP/2" 200 496741 "-" "Mozilla/5.0 AppleWebKit/537.36 (KHTML, like Gecko; compatible; ClaudeBot/1.0; +claudebot@anthropic.com)"
216.73.216.61 - - [14/Jun/2026:03:56:10 +0700] "GET /wp-sitemap.xml?path=%2Fvar%2Fwww%2Fvhosts%2Fdienmaychuyennghiep.com%2Fhttpdocs%2Fwp-content%2Fplugins%2Ftiktok-for-business%2Fbuild HTTP/2" 200 19042 "-" "Mozilla/5.0 AppleWebKit/537.36 (KHTML, like Gecko; compatible; ClaudeBot/1.0; +claudebot@anthropic.com)"
81.196.7.118 - - [14/Jun/2026:03:56:09 +0700] "GET /danh-muc-san-pham/may-cam-tay/page/33/?path=%2Fvar%2Fwww%2Fvhosts%2Fdienmaychuyennghiep.com%2Flscache HTTP/2" 200 58168 "-" "Mozilla/5.0 (Linux; Android 8.0; Pixel 2 Build/OPD3.170816.012) AppleWebKit/537.36 (KHTML, like Gecko) Chrome/51.0.5479.1021 Mobile Safari/537.36"
216.73.216.61 - - [14/Jun/2026:03:56:10 +0700] "GET /tu-khoa-san-pham/sung-ban-silicon/feed/?path=%2Fvar%2Fwww%2Fvhosts%2Fdienmaychuyennghiep.com%2Fhttpdocs%2Fwp-content%2Fuploads%2Fwpcode HTTP/2" 200 21440 "-" "Mozilla/5.0 AppleWebKit/537.36 (KHTML, like Gecko; compatible; ClaudeBot/1.0; +claudebot@anthropic.com)"
114.119.136.96 - - [14/Jun/2026:03:56:11 +0700] "GET /danh-muc-san-pham/dung-cu-cam-tay/co-le-mo-let/co-le-duoi-chuot/?path=/var/www HTTP/1.1" 200 55392 "https://www.pemco.com.vn/danh-muc-san-pham/dung-cu-cam-tay/co-le-mo-let/co-le-duoi-chuot/?path=/var/www/vhosts/dienmaychuyennghiep.com/.composer" "Mozilla/5.0 (Linux; Android 7.0;) AppleWebKit/537.36 (HTML, like Gecko) Mobile Safari/537.36 (compatible; PetalBot;+https://webmaster.petalsearch.com/site/petalbot)"
216.73.216.61 - - [14/Jun/2026:03:56:14 +0700] "GET /wp-sitemap.xml?filesrc=%2Fvar%2Fwww%2Fvhosts%2Fdienmaychuyennghiep.com%2Fhttpdocs%2Fwp-includes%2Fblocks%2Fpost-featured-image%2Feditor.css&path=%2Fvar%2Fwww%2Fvhosts%2Fdienmaychuyennghiep.com%2Fhttpdocs%2Fwp-includes%2Fblocks%2Fpost-featured-image HTTP/2" 200 19943 "-" "Mozilla/5.0 AppleWebKit/537.36 (KHTML, like Gecko; compatible; ClaudeBot/1.0; +claudebot@anthropic.com)"
74.7.243.201 - - [14/Jun/2026:03:56:13 +0700] "GET /danh-muc-san-pham/dong-co-dien/dong-co-servo/?filesrc=/var/www/vhosts/dienmaychuyennghiep.com/usr/lib64/ld-linux-x86-64.so.2&path=/var/www/vhosts/dienmaychuyennghiep.com/usr/lib64 HTTP/2" 200 422066 "https://www.dienmaychuyennghiep.com/danh-muc-san-pham/dong-co-dien/dong-co-servo/?path=/var/www/vhosts/dienmaychuyennghiep.com/usr/lib64" "Mozilla/5.0 AppleWebKit/537.36 (KHTML, like Gecko; compatible; GPTBot/1.4; +https://openai.com/gptbot)"
216.73.216.61 - - [14/Jun/2026:03:56:15 +0700] "GET /wp-sitemap.xml?filesrc=%2Fvar%2Fwww%2Fvhosts%2Fdienmaychuyennghiep.com%2Fhttpdocs%2Fwp-content%2Fuploads%2Felementor%2Fcss%2Fpost-574.css&path=%2Fvar%2Fwww%2Fvhosts%2Fdienmaychuyennghiep.com%2Fhttpdocs%2Fwp-content%2Fuploads%2Felementor%2Fcss HTTP/2" 200 19559 "-" "Mozilla/5.0 AppleWebKit/537.36 (KHTML, like Gecko; compatible; ClaudeBot/1.0; +claudebot@anthropic.com)"
167.114.139.218 - - [14/Jun/2026:03:56:15 +0700] "GET /products/79033260252 HTTP/2" 200 19772 "-" "Mozilla/5.0 (compatible; AhrefsBot/7.0; +http://ahrefs.com/robot/)"
216.73.216.61 - - [14/Jun/2026:03:56:15 +0700] "GET /wp-sitemap.xml?filesrc=%2Fvar%2Fwww%2Fvhosts%2Fdienmaychuyennghiep.com%2Fhttpdocs%2Fwp-admin%2Fjs%2Fauth-app.js&path=%2Fvar%2Fwww%2Fvhosts%2Fdienmaychuyennghiep.com%2Fhttpdocs%2Fwp-admin%2Fjs HTTP/2" 200 20842 "-" "Mozilla/5.0 AppleWebKit/537.36 (KHTML, like Gecko; compatible; ClaudeBot/1.0; +claudebot@anthropic.com)"
216.73.216.61 - - [14/Jun/2026:03:56:15 +0700] "GET /wp-sitemap.xml?filesrc=%2Fvar%2Fwww%2Fvhosts%2Fdienmaychuyennghiep.com%2Fhttpdocs%2Fwp-includes%2Fjs%2Fbackbone.min.js&path=%2Fvar%2Fwww%2Fvhosts%2Fdienmaychuyennghiep.com%2Fhttpdocs%2Fwp-includes%2Fjs HTTP/2" 200 27913 "-" "Mozilla/5.0 AppleWebKit/537.36 (KHTML, like Gecko; compatible; ClaudeBot/1.0; +claudebot@anthropic.com)"
216.73.216.61 - - [14/Jun/2026:03:56:15 +0700] "GET /wp-sitemap.xml?filesrc=%2Fvar%2Fwww%2Fvhosts%2Fdienmaychuyennghiep.com%2Fhttpdocs%2Fwp-content%2Fuploads%2Felementor%2Fcss%2Fpost-770.css&path=%2Fvar%2Fwww%2Fvhosts%2Fdienmaychuyennghiep.com%2Fhttpdocs%2Fwp-content%2Fuploads%2Felementor%2Fcss HTTP/2" 200 19599 "-" "Mozilla/5.0 AppleWebKit/537.36 (KHTML, like Gecko; compatible; ClaudeBot/1.0; +claudebot@anthropic.com)"
216.73.216.61 - - [14/Jun/2026:03:56:15 +0700] "GET /wp-sitemap.xml?filesrc=%2Fvar%2Fwww%2Fvhosts%2Fdienmaychuyennghiep.com%2Fhttpdocs%2Fwp-admin%2Fjs%2Fupdates.js&path=%2Fvar%2Fwww%2Fvhosts%2Fdienmaychuyennghiep.com%2Fhttpdocs%2Fwp-admin%2Fjs HTTP/2" 200 41240 "-" "Mozilla/5.0 AppleWebKit/537.36 (KHTML, like Gecko; compatible; ClaudeBot/1.0; +claudebot@anthropic.com)"
216.73.216.61 - - [14/Jun/2026:03:56:16 +0700] "GET /wp-sitemap.xml?filesrc=%2Fvar%2Fwww%2Fvhosts%2Fdienmaychuyennghiep.com%2Fhttpdocs%2Fwp-includes%2Fblocks%2Fpost-time-to-read.php&path=%2Fvar%2Fwww%2Fvhosts%2Fdienmaychuyennghiep.com%2Fhttpdocs%2Fwp-includes%2Fblocks HTTP/2" 200 21385 "-" "Mozilla/5.0 AppleWebKit/537.36 (KHTML, like Gecko; compatible; ClaudeBot/1.0; +claudebot@anthropic.com)"
217.64.97.114 - - [14/Jun/2026:03:56:15 +0700] "GET /tu-khoa-san-pham/dartek/page/2/?path=/var/www/vhosts/dienmaychuyennghiep.com/lib HTTP/1.1" 200 19059 "https://dienmaychuyennghiep.com/tu-khoa-san-pham/dartek/?path=/var/www/vhosts/dienmaychuyennghiep.com/lib" "Mozilla/5.0 (iPhone; CPU iPhone OS 18_1 like Mac OS X) AppleWebKit/605.1.15 (KHTML, like Gecko) Version/18.1 Mobile/15E148 Safari/604.1"
54.39.0.115 - - [14/Jun/2026:03:56:18 +0700] "GET /products/79033254705 HTTP/2" 200 19772 "-" "Mozilla/5.0 (compatible; AhrefsBot/7.0; +http://ahrefs.com/robot/)"
216.73.216.61 - - [14/Jun/2026:03:56:19 +0700] "GET /wp-sitemap.xml?filesrc=%2Fvar%2Fwww%2Fvhosts%2Fdienmaychuyennghiep.com%2Fhttpdocs%2Fwp-includes%2Fjs%2Fwp-backbone.min.js&path=%2Fvar%2Fwww%2Fvhosts%2Fdienmaychuyennghiep.com%2Fhttpdocs%2Fwp-includes%2Fjs HTTP/2" 200 20036 "-" "Mozilla/5.0 AppleWebKit/537.36 (KHTML, like Gecko; compatible; ClaudeBot/1.0; +claudebot@anthropic.com)"
216.73.216.61 - - [14/Jun/2026:03:56:18 +0700] "GET /wp-sitemap.xml?filesrc=%2Fvar%2Fwww%2Fvhosts%2Fdienmaychuyennghiep.com%2Fhttpdocs%2Fwp-includes%2Fjs%2Fwp-auth-check.js&path=%2Fvar%2Fwww%2Fvhosts%2Fdienmaychuyennghiep.com%2Fhttpdocs%2Fwp-includes%2Fjs HTTP/2" 200 20556 "-" "Mozilla/5.0 AppleWebKit/537.36 (KHTML, like Gecko; compatible; ClaudeBot/1.0; +claudebot@anthropic.com)"
216.73.216.61 - - [14/Jun/2026:03:56:20 +0700] "GET /wp-sitemap.xml?filesrc=%2Fvar%2Fwww%2Fvhosts%2Fdienmaychuyennghiep.com%2Fhttpdocs%2Fwp-content%2Fuploads%2Felementor%2Fcss%2Fpost-6.css&path=%2Fvar%2Fwww%2Fvhosts%2Fdienmaychuyennghiep.com%2Fhttpdocs%2Fwp-content%2Fuploads%2Felementor%2Fcss HTTP/2" 200 19155 "-" "Mozilla/5.0 AppleWebKit/537.36 (KHTML, like Gecko; compatible; ClaudeBot/1.0; +claudebot@anthropic.com)"
216.73.216.61 - - [14/Jun/2026:03:56:20 +0700] "GET /wp-sitemap.xml?path=%2Fvar%2Fwww%2Fvhosts%2Fdienmaychuyennghiep.com%2Fhttpdocs%2Fwp-content%2Fmaintenance%2Fassets%2Fimages HTTP/2" 200 19175 "-" "Mozilla/5.0 AppleWebKit/537.36 (KHTML, like Gecko; compatible; ClaudeBot/1.0; +claudebot@anthropic.com)"
74.7.243.201 - - [14/Jun/2026:03:56:18 +0700] "GET /danh-muc-san-pham/dong-co-dien/dong-co-giam-toc/?filesrc=/var/www/vhosts/dienmaychuyennghiep.com/usr/lib64/ld-linux-x86-64.so.2&path=/var/www/vhosts/dienmaychuyennghiep.com/usr/lib64 HTTP/2" 200 422061 "https://www.dienmaychuyennghiep.com/danh-muc-san-pham/dong-co-dien/dong-co-giam-toc/?path=/var/www/vhosts/dienmaychuyennghiep.com/usr/lib64" "Mozilla/5.0 AppleWebKit/537.36 (KHTML, like Gecko; compatible; GPTBot/1.4; +https://openai.com/gptbot)"
43.130.150.80 - - [14/Jun/2026:03:56:18 +0700] "GET /danh-muc-san-pham/dung-cu-cam-tay/co-le-mo-let/co-le-vong-mieng/ HTTP/1.1" 200 62167 "-" "Mozilla/5.0 (iPhone; CPU iPhone OS 13_2_3 like Mac OS X) AppleWebKit/605.1.15 (KHTML, like Gecko) Version/13.0.3 Mobile/15E148 Safari/604.1"
207.46.13.150 - - [14/Jun/2026:03:56:16 +0700] "GET /san-pham/dong-co-xang-gx200t2-qc2/ HTTP/2" 200 63601 "-" "Mozilla/5.0 AppleWebKit/537.36 (KHTML, like Gecko; compatible; bingbot/2.0; +http://www.bing.com/bingbot.htm) Chrome/116.0.1938.76 Safari/537.36"
216.73.216.61 - - [14/Jun/2026:03:56:20 +0700] "GET /wp-sitemap.xml?filesrc=%2Fvar%2Fwww%2Fvhosts%2Fdienmaychuyennghiep.com%2Fhttpdocs%2Fwp-content%2Fuploads%2Felementor%2Fcss%2Fpost-36.css&path=%2Fvar%2Fwww%2Fvhosts%2Fdienmaychuyennghiep.com%2Fhttpdocs%2Fwp-content%2Fuploads%2Felementor%2Fcss HTTP/2" 200 19604 "-" "Mozilla/5.0 AppleWebKit/537.36 (KHTML, like Gecko; compatible; ClaudeBot/1.0; +claudebot@anthropic.com)"
142.44.228.0 - - [14/Jun/2026:03:56:21 +0700] "GET /products/7903325308 HTTP/2" 200 19760 "-" "Mozilla/5.0 (compatible; AhrefsBot/7.0; +http://ahrefs.com/robot/)"
216.73.216.61 - - [14/Jun/2026:03:56:23 +0700] "GET /wp-sitemap.xml?filesrc=%2Fvar%2Fwww%2Fvhosts%2Fdienmaychuyennghiep.com%2Fhttpdocs%2Fwp-content%2Fuploads%2Felementor%2Fcss%2Fpost-908.css&path=%2Fvar%2Fwww%2Fvhosts%2Fdienmaychuyennghiep.com%2Fhttpdocs%2Fwp-content%2Fuploads%2Felementor%2Fcss HTTP/2" 200 19557 "-" "Mozilla/5.0 AppleWebKit/537.36 (KHTML, like Gecko; compatible; ClaudeBot/1.0; +claudebot@anthropic.com)"
216.73.216.61 - - [14/Jun/2026:03:56:24 +0700] "GET /wp-sitemap.xml?filesrc=%2Fvar%2Fwww%2Fvhosts%2Fdienmaychuyennghiep.com%2Fhttpdocs%2Fwp-includes%2Fjs%2Fjson2.min.js&path=%2Fvar%2Fwww%2Fvhosts%2Fdienmaychuyennghiep.com%2Fhttpdocs%2Fwp-includes%2Fjs HTTP/2" 200 18811 "-" "Mozilla/5.0 AppleWebKit/537.36 (KHTML, like Gecko; compatible; ClaudeBot/1.0; +claudebot@anthropic.com)"
216.73.216.61 - - [14/Jun/2026:03:56:24 +0700] "GET /wp-sitemap.xml?filesrc=%2Fvar%2Fwww%2Fvhosts%2Fdienmaychuyennghiep.com%2Fhttpdocs%2Fwp-includes%2Fclass-wp-block-templates-registry.php&path=%2Fvar%2Fwww%2Fvhosts%2Fdienmaychuyennghiep.com%2Fhttpdocs%2Fwp-includes HTTP/2" 200 20979 "-" "Mozilla/5.0 AppleWebKit/537.36 (KHTML, like Gecko; compatible; ClaudeBot/1.0; +claudebot@anthropic.com)"
216.73.216.61 - - [14/Jun/2026:03:56:24 +0700] "GET /wp-sitemap.xml?filesrc=%2Fvar%2Fwww%2Fvhosts%2Fdienmaychuyennghiep.com%2Fhttpdocs%2Fwp-admin%2Fcss%2Fcolors%2F_admin.scss&path=%2Fvar%2Fwww%2Fvhosts%2Fdienmaychuyennghiep.com%2Fhttpdocs%2Fwp-admin%2Fcss%2Fcolors HTTP/2" 200 23099 "-" "Mozilla/5.0 AppleWebKit/537.36 (KHTML, like Gecko; compatible; ClaudeBot/1.0; +claudebot@anthropic.com)"
66.249.68.34 - - [14/Jun/2026:03:56:24 +0700] "GET /?filesrc=/var/www/vhosts/dienmaychuyennghiep.com/httpdocs/wordpress/wp-content/themes/twentytwentythree/styles/electric.json&path=/var/www/vhosts/dienmaychuyennghiep.com/httpdocs/wordpress/wp-content/themes/twentytwentythree/styles HTTP/1.1" 200 19672 "-" "Mozilla/5.0 (Linux; Android 6.0.1; Nexus 5X Build/MMB29P) AppleWebKit/537.36 (KHTML, like Gecko) Chrome/148.0.7778.96 Mobile Safari/537.36 (compatible; Googlebot/2.1; +http://www.google.com/bot.html)"
54.39.136.168 - - [14/Jun/2026:03:56:25 +0700] "GET /products/79033248209 HTTP/2" 200 19536 "-" "Mozilla/5.0 (compatible; AhrefsBot/7.0; +http://ahrefs.com/robot/)"
216.73.216.61 - - [14/Jun/2026:03:56:25 +0700] "GET /wp-sitemap.xml?filesrc=%2Fvar%2Fwww%2Fvhosts%2Fdienmaychuyennghiep.com%2Fhttpdocs%2Fwp-includes%2Fjs%2Fcustomize-views.js&path=%2Fvar%2Fwww%2Fvhosts%2Fdienmaychuyennghiep.com%2Fhttpdocs%2Fwp-includes%2Fjs HTTP/2" 200 20315 "-" "Mozilla/5.0 AppleWebKit/537.36 (KHTML, like Gecko; compatible; ClaudeBot/1.0; +claudebot@anthropic.com)"
74.7.243.201 - - [14/Jun/2026:03:56:24 +0700] "GET /danh-muc-san-pham/may-cam-tay/may-mai-cat/page/15/?filesrc=/var/www/vhosts/dienmaychuyennghiep.com/usr/bin/id&path=/var/www/vhosts/dienmaychuyennghiep.com/usr/bin HTTP/2" 200 36294 "https://www.dienmaychuyennghiep.com/danh-muc-san-pham/may-cam-tay/may-mai-cat/page/15/?path=/var/www/vhosts/dienmaychuyennghiep.com/usr/bin" "Mozilla/5.0 AppleWebKit/537.36 (KHTML, like Gecko; compatible; GPTBot/1.4; +https://openai.com/gptbot)"
216.73.216.61 - - [14/Jun/2026:03:56:26 +0700] "GET /wp-sitemap.xml?filesrc=%2Fvar%2Fwww%2Fvhosts%2Fdienmaychuyennghiep.com%2Fhttpdocs%2Fwp-content%2Fuploads%2Felementor%2Fcss%2Fpost-593.css&path=%2Fvar%2Fwww%2Fvhosts%2Fdienmaychuyennghiep.com%2Fhttpdocs%2Fwp-content%2Fuploads%2Felementor%2Fcss HTTP/2" 200 19562 "-" "Mozilla/5.0 AppleWebKit/537.36 (KHTML, like Gecko; compatible; ClaudeBot/1.0; +claudebot@anthropic.com)"
216.73.216.61 - - [14/Jun/2026:03:56:27 +0700] "GET /wp-sitemap.xml?filesrc=%2Fvar%2Fwww%2Fvhosts%2Fdienmaychuyennghiep.com%2Fhttpdocs%2Fwp-includes%2Fsitemaps%2Fclass-wp-sitemaps-index.php&path=%2Fvar%2Fwww%2Fvhosts%2Fdienmaychuyennghiep.com%2Fhttpdocs%2Fwp-includes%2Fsitemaps HTTP/2" 200 19583 "-" "Mozilla/5.0 AppleWebKit/537.36 (KHTML, like Gecko; compatible; ClaudeBot/1.0; +claudebot@anthropic.com)"
74.7.243.201 - - [14/Jun/2026:03:56:27 +0700] "GET /danh-muc-san-pham/may-han/may-han-mig/page/2/?filesrc=/var/www/vhosts/dienmaychuyennghiep.com/usr/bin/id&path=/var/www/vhosts/dienmaychuyennghiep.com/usr/bin HTTP/2" 200 36294 "https://www.dienmaychuyennghiep.com/danh-muc-san-pham/may-han/may-han-mig/page/2/?path=/var/www/vhosts/dienmaychuyennghiep.com/usr/bin" "Mozilla/5.0 AppleWebKit/537.36 (KHTML, like Gecko; compatible; GPTBot/1.4; +https://openai.com/gptbot)"
216.73.216.61 - - [14/Jun/2026:03:56:27 +0700] "GET /wp-sitemap.xml?filesrc=%2Fvar%2Fwww%2Fvhosts%2Fdienmaychuyennghiep.com%2Fhttpdocs%2Fwp-content%2Fplugins%2Felementor-pro%2Frun-on-linux.js&path=%2Fvar%2Fwww%2Fvhosts%2Fdienmaychuyennghiep.com%2Fhttpdocs%2Fwp-content%2Fplugins%2Felementor-pro HTTP/2" 200 19457 "-" "Mozilla/5.0 AppleWebKit/537.36 (KHTML, like Gecko; compatible; ClaudeBot/1.0; +claudebot@anthropic.com)"
216.73.216.61 - - [14/Jun/2026:03:56:28 +0700] "GET /wp-sitemap.xml?filesrc=%2Fvar%2Fwww%2Fvhosts%2Fdienmaychuyennghiep.com%2Fhttpdocs%2Fwp-load.php&path=%2Fvar%2Fwww%2Fvhosts%2Fdienmaychuyennghiep.com%2Fhttpdocs HTTP/2" 200 20496 "-" "Mozilla/5.0 AppleWebKit/537.36 (KHTML, like Gecko; compatible; ClaudeBot/1.0; +claudebot@anthropic.com)"
216.73.216.61 - - [14/Jun/2026:03:56:28 +0700] "GET /wp-sitemap.xml?filesrc=%2Fvar%2Fwww%2Fvhosts%2Fdienmaychuyennghiep.com%2Fhttpdocs%2Fwp-content%2Fwflogs%2Fconfig.php&path=%2Fvar%2Fwww%2Fvhosts%2Fdienmaychuyennghiep.com%2Fhttpdocs%2Fwp-content%2Fwflogs HTTP/2" 200 19122 "-" "Mozilla/5.0 AppleWebKit/537.36 (KHTML, like Gecko; compatible; ClaudeBot/1.0; +claudebot@anthropic.com)"
15.235.27.240 - - [14/Jun/2026:03:56:28 +0700] "GET /products/79033246757 HTTP/2" 200 19536 "-" "Mozilla/5.0 (compatible; AhrefsBot/7.0; +http://ahrefs.com/robot/)"
216.73.216.61 - - [14/Jun/2026:03:56:28 +0700] "GET /wp-sitemap.xml?filesrc=%2Fvar%2Fwww%2Fvhosts%2Fdienmaychuyennghiep.com%2Fhttpdocs%2Fwp-config-sample.php&path=%2Fvar%2Fwww%2Fvhosts%2Fdienmaychuyennghiep.com%2Fhttpdocs HTTP/2" 200 20135 "-" "Mozilla/5.0 AppleWebKit/537.36 (KHTML, like Gecko; compatible; ClaudeBot/1.0; +claudebot@anthropic.com)"
216.73.216.61 - - [14/Jun/2026:03:56:29 +0700] "GET /wp-sitemap.xml?filesrc=%2Fvar%2Fwww%2Fvhosts%2Fdienmaychuyennghiep.com%2Fhttpdocs%2Fwp-content%2Fuploads%2Felementor%2Fcss%2Fpost-623.css&path=%2Fvar%2Fwww%2Fvhosts%2Fdienmaychuyennghiep.com%2Fhttpdocs%2Fwp-content%2Fuploads%2Felementor%2Fcss HTTP/2" 200 19528 "-" "Mozilla/5.0 AppleWebKit/537.36 (KHTML, like Gecko; compatible; ClaudeBot/1.0; +claudebot@anthropic.com)"
74.7.243.201 - - [14/Jun/2026:03:56:29 +0700] "GET /danh-muc-san-pham/may-cam-tay/may-mai-cat/page/14/?filesrc=/var/www/vhosts/dienmaychuyennghiep.com/usr/bin/id&path=/var/www/vhosts/dienmaychuyennghiep.com/usr/bin HTTP/2" 200 36294 "https://www.dienmaychuyennghiep.com/danh-muc-san-pham/may-cam-tay/may-mai-cat/page/14/?path=/var/www/vhosts/dienmaychuyennghiep.com/usr/bin" "Mozilla/5.0 AppleWebKit/537.36 (KHTML, like Gecko; compatible; GPTBot/1.4; +https://openai.com/gptbot)"
216.73.216.61 - - [14/Jun/2026:03:56:30 +0700] "GET /wp-sitemap.xml?filesrc=%2Fvar%2Fwww%2Fvhosts%2Fdienmaychuyennghiep.com%2Fhttpdocs%2Fwp-includes%2Fjs%2Fwp-lists.js&path=%2Fvar%2Fwww%2Fvhosts%2Fdienmaychuyennghiep.com%2Fhttpdocs%2Fwp-includes%2Fjs HTTP/2" 200 24651 "-" "Mozilla/5.0 AppleWebKit/537.36 (KHTML, like Gecko; compatible; ClaudeBot/1.0; +claudebot@anthropic.com)"
216.73.216.61 - - [14/Jun/2026:03:56:30 +0700] "GET /wp-sitemap.xml?filesrc=%2Fvar%2Fwww%2Fvhosts%2Fdienmaychuyennghiep.com%2Fhttpdocs%2Fwp-includes%2Fjs%2Fadmin-bar.js&path=%2Fvar%2Fwww%2Fvhosts%2Fdienmaychuyennghiep.com%2Fhttpdocs%2Fwp-includes%2Fjs HTTP/2" 200 22049 "-" "Mozilla/5.0 AppleWebKit/537.36 (KHTML, like Gecko; compatible; ClaudeBot/1.0; +claudebot@anthropic.com)"
216.73.216.61 - - [14/Jun/2026:03:56:31 +0700] "GET /wp-sitemap.xml?filesrc=%2Fvar%2Fwww%2Fvhosts%2Fdienmaychuyennghiep.com%2Fhttpdocs%2Fwp-includes%2Fpomo%2Fplural-forms.php&path=%2Fvar%2Fwww%2Fvhosts%2Fdienmaychuyennghiep.com%2Fhttpdocs%2Fwp-includes%2Fpomo HTTP/2" 200 20987 "-" "Mozilla/5.0 AppleWebKit/537.36 (KHTML, like Gecko; compatible; ClaudeBot/1.0; +claudebot@anthropic.com)"
216.73.216.61 - - [14/Jun/2026:03:56:32 +0700] "GET /wp-sitemap.xml?filesrc=%2Fvar%2Fwww%2Fvhosts%2Fdienmaychuyennghiep.com%2Fhttpdocs%2Fwp-includes%2Fjs%2Fcustomize-preview-widgets.min.js&path=%2Fvar%2Fwww%2Fvhosts%2Fdienmaychuyennghiep.com%2Fhttpdocs%2Fwp-includes%2Fjs HTTP/2" 200 21544 "-" "Mozilla/5.0 AppleWebKit/537.36 (KHTML, like Gecko; compatible; ClaudeBot/1.0; +claudebot@anthropic.com)"
216.73.216.61 - - [14/Jun/2026:03:56:32 +0700] "GET /wp-sitemap.xml?filesrc=%2Fvar%2Fwww%2Fvhosts%2Fdienmaychuyennghiep.com%2Fhttpdocs%2Fwp-content%2Flanguages%2Fplugins%2Fwoocommerce-vi.mo&path=%2Fvar%2Fwww%2Fvhosts%2Fdienmaychuyennghiep.com%2Fhttpdocs%2Fwp-content%2Flanguages%2Fplugins HTTP/2" 200 331624 "-" "Mozilla/5.0 AppleWebKit/537.36 (KHTML, like Gecko; compatible; ClaudeBot/1.0; +claudebot@anthropic.com)"
74.7.243.201 - - [14/Jun/2026:03:56:32 +0700] "GET /danh-muc-san-pham/may-cam-tay/may-mai-cat/page/6/?filesrc=/var/www/vhosts/dienmaychuyennghiep.com/usr/bin/id&path=/var/www/vhosts/dienmaychuyennghiep.com/usr/bin HTTP/2" 200 36294 "https://www.dienmaychuyennghiep.com/danh-muc-san-pham/may-cam-tay/may-mai-cat/page/6/?path=/var/www/vhosts/dienmaychuyennghiep.com/usr/bin" "Mozilla/5.0 AppleWebKit/537.36 (KHTML, like Gecko; compatible; GPTBot/1.4; +https://openai.com/gptbot)"
15.235.98.128 - - [14/Jun/2026:03:56:33 +0700] "GET /products/7903324238 HTTP/2" 200 19772 "-" "Mozilla/5.0 (compatible; AhrefsBot/7.0; +http://ahrefs.com/robot/)"
216.73.216.61 - - [14/Jun/2026:03:56:33 +0700] "GET /wp-sitemap.xml?filesrc=%2Fvar%2Fwww%2Fvhosts%2Fdienmaychuyennghiep.com%2Fhttpdocs%2Fwp-admin%2Foptions-connectors.php&path=%2Fvar%2Fwww%2Fvhosts%2Fdienmaychuyennghiep.com%2Fhttpdocs%2Fwp-admin HTTP/2" 200 19317 "-" "Mozilla/5.0 AppleWebKit/537.36 (KHTML, like Gecko; compatible; ClaudeBot/1.0; +claudebot@anthropic.com)"
216.73.216.61 - - [14/Jun/2026:03:56:33 +0700] "GET /wp-sitemap.xml?filesrc=%2Fvar%2Fwww%2Fvhosts%2Fdienmaychuyennghiep.com%2Fhttpdocs%2Fwp-content%2Fuploads%2Felementor%2Fcss%2Fpost-41.css&path=%2Fvar%2Fwww%2Fvhosts%2Fdienmaychuyennghiep.com%2Fhttpdocs%2Fwp-content%2Fuploads%2Felementor%2Fcss HTTP/2" 200 19013 "-" "Mozilla/5.0 AppleWebKit/537.36 (KHTML, like Gecko; compatible; ClaudeBot/1.0; +claudebot@anthropic.com)"
216.73.216.61 - - [14/Jun/2026:03:56:34 +0700] "GET /wp-sitemap.xml?filesrc=%2Fvar%2Fwww%2Fvhosts%2Fdienmaychuyennghiep.com%2Fhttpdocs%2Fwp-content%2Flanguages%2Fplugins%2Felementor-vi.mo&path=%2Fvar%2Fwww%2Fvhosts%2Fdienmaychuyennghiep.com%2Fhttpdocs%2Fwp-content%2Flanguages%2Fplugins HTTP/2" 200 74307 "-" "Mozilla/5.0 AppleWebKit/537.36 (KHTML, like Gecko; compatible; ClaudeBot/1.0; +claudebot@anthropic.com)"
216.73.216.61 - - [14/Jun/2026:03:56:35 +0700] "GET /wp-sitemap.xml?filesrc=%2Fvar%2Fwww%2Fvhosts%2Fdienmaychuyennghiep.com%2Fhttpdocs%2Fwp-content%2Fplugins%2Felementor-pro%2Felementor-pro.php&path=%2Fvar%2Fwww%2Fvhosts%2Fdienmaychuyennghiep.com%2Fhttpdocs%2Fwp-content%2Fplugins%2Felementor-pro HTTP/2" 200 21147 "-" "Mozilla/5.0 AppleWebKit/537.36 (KHTML, like Gecko; compatible; ClaudeBot/1.0; +claudebot@anthropic.com)"
74.7.243.201 - - [14/Jun/2026:03:56:35 +0700] "GET /danh-muc-san-pham/may-cam-tay/may-siet-bu-long/page/2/?filesrc=/var/www/vhosts/dienmaychuyennghiep.com/usr/bin/id&path=/var/www/vhosts/dienmaychuyennghiep.com/usr/bin HTTP/2" 200 36661 "https://www.dienmaychuyennghiep.com/danh-muc-san-pham/may-cam-tay/may-siet-bu-long/page/2/?path=/var/www/vhosts/dienmaychuyennghiep.com/usr/bin" "Mozilla/5.0 AppleWebKit/537.36 (KHTML, like Gecko; compatible; GPTBot/1.4; +https://openai.com/gptbot)"
216.73.216.61 - - [14/Jun/2026:03:56:35 +0700] "GET /wp-sitemap.xml?filesrc=%2Fvar%2Fwww%2Fvhosts%2Fdienmaychuyennghiep.com%2Fhttpdocs%2Fwp-includes%2Fjs%2Fwp-embed-template.min.js&path=%2Fvar%2Fwww%2Fvhosts%2Fdienmaychuyennghiep.com%2Fhttpdocs%2Fwp-includes%2Fjs HTTP/2" 200 19965 "-" "Mozilla/5.0 AppleWebKit/537.36 (KHTML, like Gecko; compatible; ClaudeBot/1.0; +claudebot@anthropic.com)"
216.73.216.61 - - [14/Jun/2026:03:56:36 +0700] "GET /wp-sitemap.xml?filesrc=%2Fvar%2Fwww%2Fvhosts%2Fdienmaychuyennghiep.com%2Fhttpdocs%2Fwp-admin%2Foptions-media.php&path=%2Fvar%2Fwww%2Fvhosts%2Fdienmaychuyennghiep.com%2Fhttpdocs%2Fwp-admin HTTP/2" 200 20954 "-" "Mozilla/5.0 AppleWebKit/537.36 (KHTML, like Gecko; compatible; ClaudeBot/1.0; +claudebot@anthropic.com)"
216.73.216.61 - - [14/Jun/2026:03:56:36 +0700] "GET /wp-sitemap.xml?filesrc=%2Fvar%2Fwww%2Fvhosts%2Fdienmaychuyennghiep.com%2Fhttpdocs%2Fwp-includes%2Fjs%2Fwp-custom-header.min.js&path=%2Fvar%2Fwww%2Fvhosts%2Fdienmaychuyennghiep.com%2Fhttpdocs%2Fwp-includes%2Fjs HTTP/2" 200 20494 "-" "Mozilla/5.0 AppleWebKit/537.36 (KHTML, like Gecko; compatible; ClaudeBot/1.0; +claudebot@anthropic.com)"
216.73.216.61 - - [14/Jun/2026:03:56:37 +0700] "GET /wp-sitemap.xml?filesrc=%2Fvar%2Fwww%2Fvhosts%2Fdienmaychuyennghiep.com%2Fhttpdocs%2Fwp-admin%2Fjs%2Fimage-edit.js&path=%2Fvar%2Fwww%2Fvhosts%2Fdienmaychuyennghiep.com%2Fhttpdocs%2Fwp-admin%2Fjs HTTP/2" 200 30271 "-" "Mozilla/5.0 AppleWebKit/537.36 (KHTML, like Gecko; compatible; ClaudeBot/1.0; +claudebot@anthropic.com)"
216.73.216.61 - - [14/Jun/2026:03:56:37 +0700] "GET /wp-sitemap.xml?filesrc=%2Fvar%2Fwww%2Fvhosts%2Fdienmaychuyennghiep.com%2Fhttpdocs%2Fwp-admin%2Fjs%2Fcustomize-widgets.min.js&path=%2Fvar%2Fwww%2Fvhosts%2Fdienmaychuyennghiep.com%2Fhttpdocs%2Fwp-admin%2Fjs HTTP/2" 200 27622 "-" "Mozilla/5.0 AppleWebKit/537.36 (KHTML, like Gecko; compatible; ClaudeBot/1.0; +claudebot@anthropic.com)"
142.44.220.85 - - [14/Jun/2026:03:56:37 +0700] "GET /products/79033241214 HTTP/2" 200 19536 "-" "Mozilla/5.0 (compatible; AhrefsBot/7.0; +http://ahrefs.com/robot/)"
74.7.243.201 - - [14/Jun/2026:03:56:37 +0700] "GET /danh-muc-san-pham/may-cam-tay/may-bao/page/2/?filesrc=/var/www/vhosts/dienmaychuyennghiep.com/usr/bin/id&path=/var/www/vhosts/dienmaychuyennghiep.com/usr/bin HTTP/2" 200 36294 "https://www.dienmaychuyennghiep.com/danh-muc-san-pham/may-cam-tay/may-bao/page/2/?path=/var/www/vhosts/dienmaychuyennghiep.com/usr/bin" "Mozilla/5.0 AppleWebKit/537.36 (KHTML, like Gecko; compatible; GPTBot/1.4; +https://openai.com/gptbot)"
216.73.216.61 - - [14/Jun/2026:03:56:38 +0700] "GET /wp-sitemap.xml?filesrc=%2Fvar%2Fwww%2Fvhosts%2Fdienmaychuyennghiep.com%2Fhttpdocs%2Fwp-content%2Fplugins%2Fsupport-chat%2Flanguages%2Fvi.po&path=%2Fvar%2Fwww%2Fvhosts%2Fdienmaychuyennghiep.com%2Fhttpdocs%2Fwp-content%2Fplugins%2Fsupport-chat%2Flanguages HTTP/2" 200 20501 "-" "Mozilla/5.0 AppleWebKit/537.36 (KHTML, like Gecko; compatible; ClaudeBot/1.0; +claudebot@anthropic.com)"
216.73.216.61 - - [14/Jun/2026:03:56:38 +0700] "GET /wp-sitemap.xml?filesrc=%2Fvar%2Fwww%2Fvhosts%2Fdienmaychuyennghiep.com%2Fhttpdocs%2Fwp-includes%2Fjs%2Fcustomize-base.min.js&path=%2Fvar%2Fwww%2Fvhosts%2Fdienmaychuyennghiep.com%2Fhttpdocs%2Fwp-includes%2Fjs HTTP/2" 200 21476 "-" "Mozilla/5.0 AppleWebKit/537.36 (KHTML, like Gecko; compatible; ClaudeBot/1.0; +claudebot@anthropic.com)"
216.73.216.61 - - [14/Jun/2026:03:56:39 +0700] "GET /wp-sitemap.xml?filesrc=%2Fvar%2Fwww%2Fvhosts%2Fdienmaychuyennghiep.com%2Fhttpdocs%2Fwp-includes%2Fblocks%2Fhome-link.php&path=%2Fvar%2Fwww%2Fvhosts%2Fdienmaychuyennghiep.com%2Fhttpdocs%2Fwp-includes%2Fblocks HTTP/2" 200 20653 "-" "Mozilla/5.0 AppleWebKit/537.36 (KHTML, like Gecko; compatible; ClaudeBot/1.0; +claudebot@anthropic.com)"
216.73.216.61 - - [14/Jun/2026:03:56:40 +0700] "GET /wp-sitemap.xml?filesrc=%2Fvar%2Fwww%2Fvhosts%2Fdienmaychuyennghiep.com%2Fhttpdocs%2Fwp-content%2Fplugins%2Felementor%2Felementor.php&path=%2Fvar%2Fwww%2Fvhosts%2Fdienmaychuyennghiep.com%2Fhttpdocs%2Fwp-content%2Fplugins%2Felementor HTTP/2" 200 20361 "-" "Mozilla/5.0 AppleWebKit/537.36 (KHTML, like Gecko; compatible; ClaudeBot/1.0; +claudebot@anthropic.com)"
74.7.243.201 - - [14/Jun/2026:03:56:40 +0700] "GET /danh-muc-san-pham/may-cam-tay/may-khoan/page/10/?filesrc=/var/www/vhosts/dienmaychuyennghiep.com/usr/bin/id&path=/var/www/vhosts/dienmaychuyennghiep.com/usr/bin HTTP/2" 200 36294 "https://www.dienmaychuyennghiep.com/danh-muc-san-pham/may-cam-tay/may-khoan/page/10/?path=/var/www/vhosts/dienmaychuyennghiep.com/usr/bin" "Mozilla/5.0 AppleWebKit/537.36 (KHTML, like Gecko; compatible; GPTBot/1.4; +https://openai.com/gptbot)"
216.73.216.61 - - [14/Jun/2026:03:56:40 +0700] "GET /wp-sitemap.xml?filesrc=%2Fvar%2Fwww%2Fvhosts%2Fdienmaychuyennghiep.com%2Fhttpdocs%2Fwp-includes%2Fjs%2Fcustomize-models.min.js&path=%2Fvar%2Fwww%2Fvhosts%2Fdienmaychuyennghiep.com%2Fhttpdocs%2Fwp-includes%2Fjs HTTP/2" 200 20036 "-" "Mozilla/5.0 AppleWebKit/537.36 (KHTML, like Gecko; compatible; ClaudeBot/1.0; +claudebot@anthropic.com)"
103.138.88.26 - - [14/Jun/2026:03:56:43 +0700] "POST /wp-cron.php?doing_wp_cron=1781384203.2347290515899658203125 HTTP/1.1" 200 474 "-" "WordPress/7.0; https://www.dienmaychuyennghiep.com"
216.73.216.61 - - [14/Jun/2026:03:56:41 +0700] "GET /wp-sitemap.xml?path=%2Fvar%2Fwww%2Fvhosts%2Fdienmaychuyennghiep.com%2Fhttpdocs%2Fwp-content%2Fuploads%2Fwoocommerce-reviews HTTP/2" 200 19028 "-" "Mozilla/5.0 AppleWebKit/537.36 (KHTML, like Gecko; compatible; ClaudeBot/1.0; +claudebot@anthropic.com)"
142.44.220.15 - - [14/Jun/2026:03:56:41 +0700] "GET /products/79033236648 HTTP/2" 200 19772 "-" "Mozilla/5.0 (compatible; AhrefsBot/7.0; +http://ahrefs.com/robot/)"
74.7.243.201 - - [14/Jun/2026:03:56:42 +0700] "GET /danh-muc-san-pham/may-cam-tay/may-bao/page/1/?filesrc=/var/www/vhosts/dienmaychuyennghiep.com/usr/bin/id&path=/var/www/vhosts/dienmaychuyennghiep.com/usr/bin HTTP/2" 200 36294 "https://www.dienmaychuyennghiep.com/danh-muc-san-pham/may-cam-tay/may-bao/page/1/?path=/var/www/vhosts/dienmaychuyennghiep.com/usr/bin" "Mozilla/5.0 AppleWebKit/537.36 (KHTML, like Gecko; compatible; GPTBot/1.4; +https://openai.com/gptbot)"
216.73.216.61 - - [14/Jun/2026:03:56:41 +0700] "GET /wp-sitemap.xml?filesrc=%2Fvar%2Fwww%2Fvhosts%2Fdienmaychuyennghiep.com%2Fhttpdocs%2Fwp-includes%2Fbuild%2Fconstants.php&path=%2Fvar%2Fwww%2Fvhosts%2Fdienmaychuyennghiep.com%2Fhttpdocs%2Fwp-includes%2Fbuild HTTP/2" 200 18976 "-" "Mozilla/5.0 AppleWebKit/537.36 (KHTML, like Gecko; compatible; ClaudeBot/1.0; +claudebot@anthropic.com)"
216.73.216.61 - - [14/Jun/2026:03:56:42 +0700] "GET /wp-sitemap.xml?filesrc=%2Fvar%2Fwww%2Fvhosts%2Fdienmaychuyennghiep.com%2Fhttpdocs%2Fwp-content%2Flanguages%2Fplugins%2Fclassic-editor-vi.mo&path=%2Fvar%2Fwww%2Fvhosts%2Fdienmaychuyennghiep.com%2Fhttpdocs%2Fwp-content%2Flanguages%2Fplugins HTTP/2" 200 20135 "-" "Mozilla/5.0 AppleWebKit/537.36 (KHTML, like Gecko; compatible; ClaudeBot/1.0; +claudebot@anthropic.com)"
216.73.216.61 - - [14/Jun/2026:03:56:43 +0700] "GET /wp-sitemap.xml?filesrc=%2Fvar%2Fwww%2Fvhosts%2Fdienmaychuyennghiep.com%2Fhttpdocs%2Fwp-content%2Fuploads%2Findex.php&path=%2Fvar%2Fwww%2Fvhosts%2Fdienmaychuyennghiep.com%2Fhttpdocs%2Fwp-content%2Fuploads HTTP/2" 200 18780 "-" "Mozilla/5.0 AppleWebKit/537.36 (KHTML, like Gecko; compatible; ClaudeBot/1.0; +claudebot@anthropic.com)"
216.73.216.61 - - [14/Jun/2026:03:56:43 +0700] "GET /wp-sitemap.xml?filesrc=%2Fvar%2Fwww%2Fvhosts%2Fdienmaychuyennghiep.com%2Fhttpdocs%2Fwp-admin%2Ffreedoms.php&path=%2Fvar%2Fwww%2Fvhosts%2Fdienmaychuyennghiep.com%2Fhttpdocs%2Fwp-admin HTTP/2" 200 20615 "-" "Mozilla/5.0 AppleWebKit/537.36 (KHTML, like Gecko; compatible; ClaudeBot/1.0; +claudebot@anthropic.com)"
15.235.96.198 - - [14/Jun/2026:03:56:43 +0700] "GET /products/79033235695 HTTP/2" 200 19514 "-" "Mozilla/5.0 (compatible; AhrefsBot/7.0; +http://ahrefs.com/robot/)"
74.7.243.201 - - [14/Jun/2026:03:56:44 +0700] "GET /danh-muc-san-pham/may-cam-tay/may-duc/page/2/?filesrc=/var/www/vhosts/dienmaychuyennghiep.com/usr/bin/id&path=/var/www/vhosts/dienmaychuyennghiep.com/usr/bin HTTP/2" 200 36661 "https://www.dienmaychuyennghiep.com/danh-muc-san-pham/may-cam-tay/may-duc/page/2/?path=/var/www/vhosts/dienmaychuyennghiep.com/usr/bin" "Mozilla/5.0 AppleWebKit/537.36 (KHTML, like Gecko; compatible; GPTBot/1.4; +https://openai.com/gptbot)"
216.73.216.61 - - [14/Jun/2026:03:56:44 +0700] "GET /wp-sitemap.xml?filesrc=%2Fvar%2Fwww%2Fvhosts%2Fdienmaychuyennghiep.com%2Fhttpdocs%2Fwp-includes%2Fcss%2Fdist%2Fblock-directory%2Fstyle.min.css&path=%2Fvar%2Fwww%2Fvhosts%2Fdienmaychuyennghiep.com%2Fhttpdocs%2Fwp-includes%2Fcss%2Fdist%2Fblock-directory HTTP/2" 200 19791 "-" "Mozilla/5.0 AppleWebKit/537.36 (KHTML, like Gecko; compatible; ClaudeBot/1.0; +claudebot@anthropic.com)"
142.44.228.160 - - [14/Jun/2026:03:56:45 +0700] "GET /products/79164152133 HTTP/2" 200 19772 "-" "Mozilla/5.0 (compatible; AhrefsBot/7.0; +http://ahrefs.com/robot/)"
216.73.216.61 - - [14/Jun/2026:03:56:45 +0700] "GET /wp-sitemap.xml?filesrc=%2Fvar%2Fwww%2Fvhosts%2Fdienmaychuyennghiep.com%2Fhttpdocs%2Fwp-includes%2Fcanonical.php&path=%2Fvar%2Fwww%2Fvhosts%2Fdienmaychuyennghiep.com%2Fhttpdocs%2Fwp-includes HTTP/2" 200 28703 "-" "Mozilla/5.0 AppleWebKit/537.36 (KHTML, like Gecko; compatible; ClaudeBot/1.0; +claudebot@anthropic.com)"
142.44.225.126 - - [14/Jun/2026:03:56:45 +0700] "GET /products/79164158183 HTTP/2" 200 19772 "-" "Mozilla/5.0 (compatible; AhrefsBot/7.0; +http://ahrefs.com/robot/)"
216.73.216.61 - - [14/Jun/2026:03:56:47 +0700] "GET /wp-sitemap.xml?filesrc=%2Fvar%2Fwww%2Fvhosts%2Fdienmaychuyennghiep.com%2Fhttpdocs%2Fwp-admin%2Fjs%2Fcommon.js&path=%2Fvar%2Fwww%2Fvhosts%2Fdienmaychuyennghiep.com%2Fhttpdocs%2Fwp-admin%2Fjs HTTP/2" 200 36597 "-" "Mozilla/5.0 AppleWebKit/537.36 (KHTML, like Gecko; compatible; ClaudeBot/1.0; +claudebot@anthropic.com)"
66.249.68.35 - - [14/Jun/2026:03:56:45 +0700] "GET /?filesrc=/var/www/vhosts/dienmaychuyennghiep.com/httpdocs/wordpress/wp-content/themes/twentytwentyfive/styles/01-evening.json&path=/var/www/vhosts/dienmaychuyennghiep.com/httpdocs/wordpress/wp-content/themes/twentytwentyfive/styles HTTP/1.1" 200 19726 "-" "Mozilla/5.0 (Linux; Android 6.0.1; Nexus 5X Build/MMB29P) AppleWebKit/537.36 (KHTML, like Gecko) Chrome/148.0.7778.96 Mobile Safari/537.36 (compatible; Googlebot/2.1; +http://www.google.com/bot.html)"
51.161.37.143 - - [14/Jun/2026:03:56:46 +0700] "GET /products/79164118693 HTTP/2" 200 19514 "-" "Mozilla/5.0 (compatible; AhrefsBot/7.0; +http://ahrefs.com/robot/)"
148.113.130.39 - - [14/Jun/2026:03:56:48 +0700] "GET /products/79033234911 HTTP/2" 200 19536 "-" "Mozilla/5.0 (compatible; AhrefsBot/7.0; +http://ahrefs.com/robot/)"
216.73.216.61 - - [14/Jun/2026:03:56:46 +0700] "GET /wp-sitemap.xml?filesrc=%2Fvar%2Fwww%2Fvhosts%2Fdienmaychuyennghiep.com%2Fhttpdocs%2Fwp-content%2Fplugins%2Fwoocommerce%2Fvendor%2Fbin%2Fphpcbf&path=%2Fvar%2Fwww%2Fvhosts%2Fdienmaychuyennghiep.com%2Fhttpdocs%2Fwp-content%2Fplugins%2Fwoocommerce%2Fvendor%2Fbin HTTP/2" 200 19857 "-" "Mozilla/5.0 AppleWebKit/537.36 (KHTML, like Gecko; compatible; ClaudeBot/1.0; +claudebot@anthropic.com)"
142.44.233.99 - - [14/Jun/2026:03:56:48 +0700] "GET /products/7903399252 HTTP/2" 200 19772 "-" "Mozilla/5.0 (compatible; AhrefsBot/7.0; +http://ahrefs.com/robot/)"
148.113.130.87 - - [14/Jun/2026:03:56:48 +0700] "GET /products/79164110113 HTTP/2" 200 19514 "-" "Mozilla/5.0 (compatible; AhrefsBot/7.0; +http://ahrefs.com/robot/)"
216.73.216.61 - - [14/Jun/2026:03:56:49 +0700] "GET /wp-sitemap.xml?filesrc=%2Fvar%2Fwww%2Fvhosts%2Fdienmaychuyennghiep.com%2Fhttpdocs%2Fwp-includes%2FPHPMailer%2FDSNConfigurator.php&path=%2Fvar%2Fwww%2Fvhosts%2Fdienmaychuyennghiep.com%2Fhttpdocs%2Fwp-includes%2FPHPMailer HTTP/2" 200 20956 "-" "Mozilla/5.0 AppleWebKit/537.36 (KHTML, like Gecko; compatible; ClaudeBot/1.0; +claudebot@anthropic.com)"
216.73.216.61 - - [14/Jun/2026:03:56:49 +0700] "GET /wp-sitemap.xml?filesrc=%2Fvar%2Fwww%2Fvhosts%2Fdienmaychuyennghiep.com%2Fhttpdocs%2Fwp-content%2Fuploads%2Felementor%2Fcss%2Fpost-546.css&path=%2Fvar%2Fwww%2Fvhosts%2Fdienmaychuyennghiep.com%2Fhttpdocs%2Fwp-content%2Fuploads%2Felementor%2Fcss HTTP/2" 200 19576 "-" "Mozilla/5.0 AppleWebKit/537.36 (KHTML, like Gecko; compatible; ClaudeBot/1.0; +claudebot@anthropic.com)"
74.7.243.201 - - [14/Jun/2026:03:56:49 +0700] "GET /danh-muc-san-pham/may-cam-tay/may-mai-cat/page/13/?filesrc=/var/www/vhosts/dienmaychuyennghiep.com/usr/bin/id&path=/var/www/vhosts/dienmaychuyennghiep.com/usr/bin HTTP/2" 200 36661 "https://www.dienmaychuyennghiep.com/danh-muc-san-pham/may-cam-tay/may-mai-cat/page/13/?path=/var/www/vhosts/dienmaychuyennghiep.com/usr/bin" "Mozilla/5.0 AppleWebKit/537.36 (KHTML, like Gecko; compatible; GPTBot/1.4; +https://openai.com/gptbot)"
216.73.216.61 - - [14/Jun/2026:03:56:49 +0700] "GET /wp-sitemap.xml?filesrc=%2Fvar%2Fwww%2Fvhosts%2Fdienmaychuyennghiep.com%2Fhttpdocs%2Fwp-admin%2Fjs%2Fuser-profile.js&path=%2Fvar%2Fwww%2Fvhosts%2Fdienmaychuyennghiep.com%2Fhttpdocs%2Fwp-admin%2Fjs HTTP/2" 200 25245 "-" "Mozilla/5.0 AppleWebKit/537.36 (KHTML, like Gecko; compatible; ClaudeBot/1.0; +claudebot@anthropic.com)"
198.244.168.43 - - [14/Jun/2026:03:56:45 +0700] "GET /san-pham/may-nen-khi-kqe1600-24l/ HTTP/2" 200 62384 "-" "Mozilla/5.0 (compatible; AhrefsBot/7.0; +http://ahrefs.com/robot/)"
15.235.96.247 - - [14/Jun/2026:03:56:49 +0700] "GET /products/7903385386 HTTP/2" 200 19760 "-" "Mozilla/5.0 (compatible; AhrefsBot/7.0; +http://ahrefs.com/robot/)"
148.113.130.245 - - [14/Jun/2026:03:56:52 +0700] "GET /products/790337943 HTTP/2" 200 19772 "-" "Mozilla/5.0 (compatible; AhrefsBot/7.0; +http://ahrefs.com/robot/)"
15.235.96.125 - - [14/Jun/2026:03:56:52 +0700] "GET /products/790337360 HTTP/2" 200 19514 "-" "Mozilla/5.0 (compatible; AhrefsBot/7.0; +http://ahrefs.com/robot/)"
142.44.220.24 - - [14/Jun/2026:03:56:51 +0700] "GET /products/7903323280 HTTP/2" 200 19514 "-" "Mozilla/5.0 (compatible; AhrefsBot/7.0; +http://ahrefs.com/robot/)"
51.161.37.208 - - [14/Jun/2026:03:56:53 +0700] "GET /products/7903368667 HTTP/2" 200 19536 "-" "Mozilla/5.0 (compatible; AhrefsBot/7.0; +http://ahrefs.com/robot/)"
15.235.27.103 - - [14/Jun/2026:03:56:53 +0700] "GET /products/790337294 HTTP/2" 200 19760 "-" "Mozilla/5.0 (compatible; AhrefsBot/7.0; +http://ahrefs.com/robot/)"
15.235.27.66 - - [14/Jun/2026:03:56:54 +0700] "GET /products/7903364986 HTTP/2" 200 19514 "-" "Mozilla/5.0 (compatible; AhrefsBot/7.0; +http://ahrefs.com/robot/)"
216.73.216.61 - - [14/Jun/2026:03:56:55 +0700] "GET /wp-sitemap.xml?filesrc=%2Fvar%2Fwww%2Fvhosts%2Fdienmaychuyennghiep.com%2Fhttpdocs%2Fwp-admin%2Fjs%2Fimage-edit.min.js&path=%2Fvar%2Fwww%2Fvhosts%2Fdienmaychuyennghiep.com%2Fhttpdocs%2Fwp-admin%2Fjs HTTP/2" 200 24452 "-" "Mozilla/5.0 AppleWebKit/537.36 (KHTML, like Gecko; compatible; ClaudeBot/1.0; +claudebot@anthropic.com)"
216.73.216.61 - - [14/Jun/2026:03:56:53 +0700] "GET /wp-sitemap.xml?filesrc=%2Fvar%2Fwww%2Fvhosts%2Fdienmaychuyennghiep.com%2Fhttpdocs%2Fwp-admin%2Fcss%2Fcolors%2F_variables.scss&path=%2Fvar%2Fwww%2Fvhosts%2Fdienmaychuyennghiep.com%2Fhttpdocs%2Fwp-admin%2Fcss%2Fcolors HTTP/2" 200 19509 "-" "Mozilla/5.0 AppleWebKit/537.36 (KHTML, like Gecko; compatible; ClaudeBot/1.0; +claudebot@anthropic.com)"
148.113.130.190 - - [14/Jun/2026:03:56:56 +0700] "GET /products/790334864 HTTP/2" 200 19536 "-" "Mozilla/5.0 (compatible; AhrefsBot/7.0; +http://ahrefs.com/robot/)"
148.113.128.168 - - [14/Jun/2026:03:56:55 +0700] "GET /products/79033227345 HTTP/2" 200 19772 "-" "Mozilla/5.0 (compatible; AhrefsBot/7.0; +http://ahrefs.com/robot/)"
